{"id":6225,"date":"2020-03-20T14:34:46","date_gmt":"2020-03-20T14:34:46","guid":{"rendered":"https:\/\/velartrip.com\/?product=etui-pour-rasoir-br-kuta"},"modified":"2022-05-31T10:55:38","modified_gmt":"2022-05-31T08:55:38","slug":"etui-pour-rasoir","status":"publish","type":"product","link":"https:\/\/velartrip.com\/de\/accessoires-voyage\/accessoires-beaute\/etui-pour-rasoir\/","title":{"rendered":"Tasche F\u00fcr Kuta-Rasierer"},"content":{"rendered":"<h2>Ein einfaches, aber sehr praktisches Rasierklingenetui, das deine Klingen vor Besch\u00e4digungen sch\u00fctzt und hygienisch auf deiner Haut ist.<\/h2>\n<ul>\n<li>\n<strong>Kompakt und leicht<\/strong>Die Tasche wird das Gewicht deines Koffers nicht erh\u00f6hen!<\/li>\n<li>\n<strong>Anpassungsf\u00e4hig<\/strong> an alle Rasiermesser!<\/li>\n<li>Dimension : <strong>17 cm lang<\/strong>\n<\/li>\n<\/ul>\n<ul>\n<li><strong>KOSTENLOSER STANDARDVERSAND<\/strong><\/li>\n<\/ul>","protected":false},"excerpt":{"rendered":"<p>Un \u00e9tui pour rasoir simple mais tr\u00e8s pratique pour \u00e9viter d&rsquo;abimer tes lames ainsi que\u00a0pour le c\u00f4t\u00e9 hygi\u00e9nique sur ta peau. Compact et l\u00e9ger, cet \u00e9tui n&rsquo;augmentera pas le poids de\u00a0tes valises ! Adaptable \u00e0 tous les rasoirs ! Dimension : 17 cm de long LIVRAISON STANDARD OFFERTE<\/p>","protected":false},"featured_media":13687,"comment_status":"open","ping_status":"closed","template":"","meta":{"_kad_blocks_custom_css":"","_kad_blocks_head_custom_js":"","_kad_blocks_body_custom_js":"","_kad_blocks_footer_custom_js":"","_kad_post_transparent":"","_kad_post_title":"","_kad_post_layout":"","_kad_post_sidebar_id":"","_kad_post_content_style":"","_kad_post_vertical_padding":"","_kad_post_feature":"","_kad_post_feature_position":"","_kad_post_header":false,"_kad_post_footer":false,"_kad_post_classname":""},"product_brand":[385],"product_cat":[404,396],"product_tag":[96,93,95],"class_list":{"0":"post-6225","1":"product","2":"type-product","3":"status-publish","4":"has-post-thumbnail","6":"product_brand-velartrip","7":"product_cat-accessoires-voyage","8":"product_cat-accessoires-beaute","9":"product_tag-nomade","10":"product_tag-accessoire","11":"product_tag-avion","13":"first","14":"instock","15":"taxable","16":"shipping-taxable","17":"purchasable","18":"product-type-simple","19":"entry","20":"content-bg","21":"loop-entry"},"taxonomy_info":{"product_brand":[{"value":385,"label":"VelarTrip"}],"product_cat":[{"value":404,"label":"Accessoires de Voyage"},{"value":396,"label":"Mini Produits de Beaut\u00e9"}],"product_tag":[{"value":96,"label":" Nomade"},{"value":93,"label":"Accessoire"},{"value":95,"label":"Avion"}]},"featured_image_src_large":["https:\/\/velartrip.com\/wp-content\/uploads\/2022\/05\/4000627648808_images_6295d79b1fa1c_4.jpg",800,800,false],"author_info":[],"comment_info":0,"_links":{"self":[{"href":"https:\/\/velartrip.com\/de\/wp-json\/wp\/v2\/product\/6225","targetHints":{"allow":["GET"]}}],"collection":[{"href":"https:\/\/velartrip.com\/de\/wp-json\/wp\/v2\/product"}],"about":[{"href":"https:\/\/velartrip.com\/de\/wp-json\/wp\/v2\/types\/product"}],"replies":[{"embeddable":true,"href":"https:\/\/velartrip.com\/de\/wp-json\/wp\/v2\/comments?post=6225"}],"wp:featuredmedia":[{"embeddable":true,"href":"https:\/\/velartrip.com\/de\/wp-json\/wp\/v2\/media\/13687"}],"wp:attachment":[{"href":"https:\/\/velartrip.com\/de\/wp-json\/wp\/v2\/media?parent=6225"}],"wp:term":[{"taxonomy":"product_brand","embeddable":true,"href":"https:\/\/velartrip.com\/de\/wp-json\/wp\/v2\/product_brand?post=6225"},{"taxonomy":"product_cat","embeddable":true,"href":"https:\/\/velartrip.com\/de\/wp-json\/wp\/v2\/product_cat?post=6225"},{"taxonomy":"product_tag","embeddable":true,"href":"https:\/\/velartrip.com\/de\/wp-json\/wp\/v2\/product_tag?post=6225"}],"curies":[{"name":"wp","href":"https:\/\/api.w.org\/{rel}","templated":true}]}}

Tasche Für Kuta-Rasierer

<h2>Ein einfaches, aber sehr praktisches Rasierklingenetui, das deine Klingen vor Beschädigungen schützt und hygienisch auf deiner Haut ist.</h2>
<ul>
<li>
<strong>Kompakt und leicht</strong>Die Tasche wird das Gewicht deines Koffers nicht erhöhen!</li>
<li>
<strong>Anpassungsfähig</strong> an alle Rasiermesser!</li>
<li>Dimension : <strong>17 cm lang</strong>
</li>
</ul>
<ul>
<li><strong>KOSTENLOSER STANDARDVERSAND</strong></li>
</ul>

<p>Un étui pour rasoir simple mais très pratique pour éviter d&rsquo;abimer tes lames ainsi que pour le côté hygiénique sur ta peau. Compact et léger, cet étui n&rsquo;augmentera pas le poids de tes valises ! Adaptable à tous les rasoirs ! Dimension : 17 cm de long LIVRAISON STANDARD OFFERTE</p>

Mini Produits de Beauté
