{"id":6287,"date":"2020-04-12T17:21:53","date_gmt":"2020-04-12T17:21:53","guid":{"rendered":"https:\/\/velartrip.com\/?product=sac-de-compression-br-denver"},"modified":"2022-07-08T09:23:36","modified_gmt":"2022-07-08T07:23:36","slug":"sac-de-compression","status":"publish","type":"product","link":"https:\/\/velartrip.com\/de\/accessoires-pratiques\/sac-de-compression\/","title":{"rendered":"Kompressionsbeutel Denver"},"content":{"rendered":"<h2>Als wir in Athen unterwegs waren, trafen wir eine Gruppe belgischer Freunde, die uns zeigten, wie sie es schafften, Platz in ihren Koffern zu schaffen.<\/h2>\n<h2>Wir haben uns also f\u00fcr Denver entschieden, weil es f\u00fcr uns <strong>75% an zus\u00e4tzlichen Pl\u00e4tzen<\/strong> um seinen Lieben Erinnerungen mitzubringen!<\/h2>\n<ul>\n<li>\n<strong>4 Beutel gestaltet<\/strong> um alle Arten von Kleidung zu lagern<\/li>\n<\/ul>\n<ul>\n<li>Erm\u00f6glicht es, alle unvorhergesehenen Ereignisse zu vermeiden <em>(Sie wissen schon, die Flasche mit dem Make-up-Entferner, die sich w\u00e4hrend der Fahrt im Koffer \u00f6ffnet...)<\/em>\n<\/li>\n<\/ul>\n<ul>\n<li>\n<strong>Kein Staubsauger n\u00f6tig<\/strong> um die Luft aus den Taschen herauszulassen<strong> eine einfache \"Rolle\" gen\u00fcgt<\/strong> !<\/li>\n<\/ul>\n<ul>\n<li>Die Taschen wurden <strong>behandelt<\/strong> gegen die <strong>Schimmel<\/strong>Die<strong> Insekten und Bakterien\u00a0<\/strong>\n<\/li>\n<\/ul>\n<ul>\n<li><strong>KOSTENLOSER STANDARDVERSAND<\/strong><\/li>\n<\/ul>\n<table width=\"100%\">\n<tbody>\n<tr>\n<td style=\"width: 31.9253%; text-align: center;\">Beutelgr\u00f6\u00dfen<\/td>\n<td style=\"width: 28.0747%; text-align: center;\">L\u00e4nge<\/td>\n<td style=\"width: 33%; text-align: center;\">\u00a0Breite<\/td>\n<\/tr>\n<tr>\n<td style=\"width: 31.9253%; text-align: center;\">XL<\/td>\n<td style=\"width: 28.0747%; text-align: center;\">70 cm<\/td>\n<td style=\"width: 33%; text-align: center;\">50 cm<\/td>\n<\/tr>\n<tr>\n<td style=\"width: 31.9253%; text-align: center;\">L<\/td>\n<td style=\"width: 28.0747%; text-align: center;\">60 cm<\/td>\n<td style=\"width: 33%; text-align: center;\">40 cm<\/td>\n<\/tr>\n<tr>\n<td style=\"width: 31.9253%; text-align: center;\">M<\/td>\n<td style=\"width: 28.0747%; text-align: center;\">50 cm<\/td>\n<td style=\"width: 33%; text-align: center;\">40 cm<\/td>\n<\/tr>\n<tr>\n<td style=\"width: 31.9253%; text-align: center;\">S<\/td>\n<td style=\"width: 28.0747%; text-align: center;\">50 cm<\/td>\n<td style=\"width: 33%; text-align: center;\">35 cm<\/td>\n<\/tr>\n<\/tbody>\n<\/table>","protected":false},"excerpt":{"rendered":"<p>Als wir in Athen unterwegs waren, trafen wir eine Gruppe belgischer Freunde, die uns zeigten, wie sie Platz in ihren Koffern schaffen. So wurden wir Fans von Denver, weil es f\u00fcr uns 75% zus\u00e4tzliche Orte gibt, an denen wir Souvenirs f\u00fcr unsere Lieben mitbringen k\u00f6nnen! 4 Taschen f\u00fcr \u2026<\/p>","protected":false},"featured_media":13655,"comment_status":"open","ping_status":"closed","template":"","meta":{"_kad_blocks_custom_css":"","_kad_blocks_head_custom_js":"","_kad_blocks_body_custom_js":"","_kad_blocks_footer_custom_js":"","_kad_post_transparent":"","_kad_post_title":"","_kad_post_layout":"","_kad_post_sidebar_id":"","_kad_post_content_style":"","_kad_post_vertical_padding":"","_kad_post_feature":"","_kad_post_feature_position":"","_kad_post_header":false,"_kad_post_footer":false,"_kad_post_classname":""},"product_brand":[385],"product_cat":[386],"product_tag":[],"class_list":{"0":"post-6287","1":"product","2":"type-product","3":"status-publish","4":"has-post-thumbnail","6":"product_brand-velartrip","7":"product_cat-accessoires-pratiques","9":"first","10":"instock","11":"taxable","12":"shipping-taxable","13":"purchasable","14":"product-type-simple","15":"entry","16":"content-bg","17":"loop-entry"},"taxonomy_info":{"product_brand":[{"value":385,"label":"VelarTrip"}],"product_cat":[{"value":386,"label":"Accessoires Pratiques"}]},"featured_image_src_large":["https:\/\/velartrip.com\/wp-content\/uploads\/2022\/05\/32968773581_images_6294a9af868d4_2.jpg",800,800,false],"author_info":[],"comment_info":6,"_links":{"self":[{"href":"https:\/\/velartrip.com\/de\/wp-json\/wp\/v2\/product\/6287","targetHints":{"allow":["GET"]}}],"collection":[{"href":"https:\/\/velartrip.com\/de\/wp-json\/wp\/v2\/product"}],"about":[{"href":"https:\/\/velartrip.com\/de\/wp-json\/wp\/v2\/types\/product"}],"replies":[{"embeddable":true,"href":"https:\/\/velartrip.com\/de\/wp-json\/wp\/v2\/comments?post=6287"}],"wp:featuredmedia":[{"embeddable":true,"href":"https:\/\/velartrip.com\/de\/wp-json\/wp\/v2\/media\/13655"}],"wp:attachment":[{"href":"https:\/\/velartrip.com\/de\/wp-json\/wp\/v2\/media?parent=6287"}],"wp:term":[{"taxonomy":"product_brand","embeddable":true,"href":"https:\/\/velartrip.com\/de\/wp-json\/wp\/v2\/product_brand?post=6287"},{"taxonomy":"product_cat","embeddable":true,"href":"https:\/\/velartrip.com\/de\/wp-json\/wp\/v2\/product_cat?post=6287"},{"taxonomy":"product_tag","embeddable":true,"href":"https:\/\/velartrip.com\/de\/wp-json\/wp\/v2\/product_tag?post=6287"}],"curies":[{"name":"wp","href":"https:\/\/api.w.org\/{rel}","templated":true}]}}

<h2>Als wir in Athen unterwegs waren, trafen wir eine Gruppe belgischer Freunde, die uns zeigten, wie sie es schafften, Platz in ihren Koffern zu schaffen.</h2>
<h2>Wir haben uns also für Denver entschieden, weil es für uns <strong>75% an zusätzlichen Plätzen</strong> um seinen Lieben Erinnerungen mitzubringen!</h2>
<ul>
<li>
<strong>4 Beutel gestaltet</strong> um alle Arten von Kleidung zu lagern</li>
</ul>
<ul>
<li>Ermöglicht es, alle unvorhergesehenen Ereignisse zu vermeiden <em>(Sie wissen schon, die Flasche mit dem Make-up-Entferner, die sich während der Fahrt im Koffer öffnet...)</em>
</li>
</ul>
<ul>
<li>
<strong>Kein Staubsauger nötig</strong> um die Luft aus den Taschen herauszulassen<strong> eine einfache "Rolle" genügt</strong> !</li>
</ul>
<ul>
<li>Die Taschen wurden <strong>behandelt</strong> gegen die <strong>Schimmel</strong>Die<strong> Insekten und Bakterien </strong>
</li>
</ul>
<ul>
<li><strong>KOSTENLOSER STANDARDVERSAND</strong></li>
</ul>
<table width="100%">
<tbody>
<tr>
<td style="width: 31.9253%; text-align: center;">Beutelgrößen</td>
<td style="width: 28.0747%; text-align: center;">Länge</td>
<td style="width: 33%; text-align: center;"> Breite</td>
</tr>
<tr>
<td style="width: 31.9253%; text-align: center;">XL</td>
<td style="width: 28.0747%; text-align: center;">70 cm</td>
<td style="width: 33%; text-align: center;">50 cm</td>
</tr>
<tr>
<td style="width: 31.9253%; text-align: center;">L</td>
<td style="width: 28.0747%; text-align: center;">60 cm</td>
<td style="width: 33%; text-align: center;">40 cm</td>
</tr>
<tr>
<td style="width: 31.9253%; text-align: center;">M</td>
<td style="width: 28.0747%; text-align: center;">50 cm</td>
<td style="width: 33%; text-align: center;">40 cm</td>
</tr>
<tr>
<td style="width: 31.9253%; text-align: center;">S</td>
<td style="width: 28.0747%; text-align: center;">50 cm</td>
<td style="width: 33%; text-align: center;">35 cm</td>
</tr>
</tbody>
</table>

<p>Als wir in Athen unterwegs waren, trafen wir eine Gruppe belgischer Freunde, die uns zeigten, wie sie Platz in ihren Koffern schaffen. So wurden wir Fans von Denver, weil es für uns 75% zusätzliche Orte gibt, an denen wir Souvenirs für unsere Lieben mitbringen können! 4 Taschen für …</p>
