{"id":13340,"date":"2022-05-02T18:48:20","date_gmt":"2022-05-02T16:48:20","guid":{"rendered":"https:\/\/velartrip.com\/?post_type=product&#038;p=13340"},"modified":"2024-12-04T09:28:05","modified_gmt":"2024-12-04T08:28:05","slug":"masque-de-nuit-quito-noir","status":"publish","type":"product","link":"https:\/\/velartrip.com\/es\/accessoires-voyage\/masques-nuit\/masque-de-nuit-quito-noir\/","title":{"rendered":"Quito Night Mask Negro"},"content":{"rendered":"<p>\u00a0<\/p>\n<h2>Un dise\u00f1o sencillo en un color polivalente para dormir bien en cualquier parte del mundo.<\/h2>\n<ul>\n<li><strong>Dise\u00f1o 3D<\/strong>\u00a0para evitar la sensaci\u00f3n de presi\u00f3n en los ojos.<\/li>\n<\/ul>\n<ul>\n<li>Una m\u00e1scara<strong>\u00a0ligero y c\u00f3modo.<\/strong><\/li>\n<\/ul>\n<ul>\n<li>Nuestra banda\u00a0<strong><em>\"zen ajuste<\/em><\/strong>\u00a0que\u00a0<strong>se adapta a todos.<\/strong><\/li>\n<\/ul>\n<ul>\n<li>25 cm de largo y 9 cm de ancho.<\/li>\n<\/ul>\n<ul>\n<li><strong>ENTREGA EST\u00c1NDAR GRATUITA<\/strong><\/li>\n<\/ul>","protected":false},"excerpt":{"rendered":"<p>\u00a0 Un dise\u00f1o sencillo en un color polivalente para dormir bien en cualquier parte del mundo. Dise\u00f1o en 3D para evitar la presi\u00f3n en los ojos. Un antifaz ligero y c\u00f3modo. Nuestra banda \"Zen Adjust\" que se adapta a todo el mundo. 25 cm de largo y 9 cm de ancho. ENTREGA EST\u00c1NDAR GRATUITA<\/p>","protected":false},"featured_media":13324,"comment_status":"open","ping_status":"closed","template":"","meta":{"_kad_blocks_custom_css":"","_kad_blocks_head_custom_js":"","_kad_blocks_body_custom_js":"","_kad_blocks_footer_custom_js":"","_kad_post_transparent":"","_kad_post_title":"","_kad_post_layout":"","_kad_post_sidebar_id":"","_kad_post_content_style":"","_kad_post_vertical_padding":"","_kad_post_feature":"","_kad_post_feature_position":"","_kad_post_header":false,"_kad_post_footer":false,"_kad_post_classname":""},"product_brand":[],"product_cat":[394,404],"product_tag":[96],"class_list":{"0":"post-13340","1":"product","2":"type-product","3":"status-publish","4":"has-post-thumbnail","6":"product_cat-masques-nuit","7":"product_cat-accessoires-voyage","8":"product_tag-nomade","10":"first","11":"instock","12":"taxable","13":"shipping-taxable","14":"purchasable","15":"product-type-simple","16":"entry","17":"content-bg","18":"loop-entry"},"taxonomy_info":{"product_cat":[{"value":394,"label":"Masques De Nuit"},{"value":404,"label":"Accessoires de Voyage"}],"product_tag":[{"value":96,"label":" Nomade"}]},"featured_image_src_large":["https:\/\/velartrip.com\/wp-content\/uploads\/2022\/05\/82.jpg",800,800,false],"author_info":[],"comment_info":0,"_links":{"self":[{"href":"https:\/\/velartrip.com\/es\/wp-json\/wp\/v2\/product\/13340","targetHints":{"allow":["GET"]}}],"collection":[{"href":"https:\/\/velartrip.com\/es\/wp-json\/wp\/v2\/product"}],"about":[{"href":"https:\/\/velartrip.com\/es\/wp-json\/wp\/v2\/types\/product"}],"replies":[{"embeddable":true,"href":"https:\/\/velartrip.com\/es\/wp-json\/wp\/v2\/comments?post=13340"}],"wp:featuredmedia":[{"embeddable":true,"href":"https:\/\/velartrip.com\/es\/wp-json\/wp\/v2\/media\/13324"}],"wp:attachment":[{"href":"https:\/\/velartrip.com\/es\/wp-json\/wp\/v2\/media?parent=13340"}],"wp:term":[{"taxonomy":"product_brand","embeddable":true,"href":"https:\/\/velartrip.com\/es\/wp-json\/wp\/v2\/product_brand?post=13340"},{"taxonomy":"product_cat","embeddable":true,"href":"https:\/\/velartrip.com\/es\/wp-json\/wp\/v2\/product_cat?post=13340"},{"taxonomy":"product_tag","embeddable":true,"href":"https:\/\/velartrip.com\/es\/wp-json\/wp\/v2\/product_tag?post=13340"}],"curies":[{"name":"wp","href":"https:\/\/api.w.org\/{rel}","templated":true}]}}

<p> </p>
<h2>Un diseño sencillo en un color polivalente para dormir bien en cualquier parte del mundo.</h2>
<ul>
<li><strong>Diseño 3D</strong> para evitar la sensación de presión en los ojos.</li>
</ul>
<ul>
<li>Una máscara<strong> ligero y cómodo.</strong></li>
</ul>
<ul>
<li>Nuestra banda <strong><em>"zen ajuste</em></strong> que <strong>se adapta a todos.</strong></li>
</ul>
<ul>
<li>25 cm de largo y 9 cm de ancho.</li>
</ul>
<ul>
<li><strong>ENTREGA ESTÁNDAR GRATUITA</strong></li>
</ul>

<p>  Un diseño sencillo en un color polivalente para dormir bien en cualquier parte del mundo. Diseño en 3D para evitar la presión en los ojos. Un antifaz ligero y cómodo. Nuestra banda "Zen Adjust" que se adapta a todo el mundo. 25 cm de largo y 9 cm de ancho. ENTREGA ESTÁNDAR GRATUITA</p>
