{"id":6225,"date":"2020-03-20T14:34:46","date_gmt":"2020-03-20T14:34:46","guid":{"rendered":"https:\/\/velartrip.com\/?product=etui-pour-rasoir-br-kuta"},"modified":"2022-05-31T10:55:38","modified_gmt":"2022-05-31T08:55:38","slug":"etui-pour-rasoir","status":"publish","type":"product","link":"https:\/\/velartrip.com\/es\/accessoires-voyage\/accessoires-beaute\/etui-pour-rasoir\/","title":{"rendered":"Funda para maquinilla de afeitar Kuta"},"content":{"rendered":"<h2>Una funda de maquinilla sencilla pero muy pr\u00e1ctica para no da\u00f1ar las cuchillas y mantener la higiene de la piel.<\/h2>\n<ul>\n<li>\n<strong>Compacto y ligero<\/strong>Esta maleta no aumentar\u00e1 el peso de su equipaje.<\/li>\n<li>\n<strong>Adaptable<\/strong> a todas las maquinillas de afeitar<\/li>\n<li>Dimensiones: <strong>17 cm de largo<\/strong>\n<\/li>\n<\/ul>\n<ul>\n<li><strong>ENTREGA EST\u00c1NDAR GRATUITA<\/strong><\/li>\n<\/ul>","protected":false},"excerpt":{"rendered":"<p>Una funda de maquinilla sencilla pero muy pr\u00e1ctica para no da\u00f1ar las cuchillas y mantener la higiene de la piel. Compacta y ligera, esta funda no aumentar\u00e1 el peso de su equipaje. Apta para todas las maquinillas de afeitar. Tama\u00f1o: 17 cm de largo ENV\u00cdO EST\u00c1NDAR GRATUITO<\/p>","protected":false},"featured_media":13687,"comment_status":"open","ping_status":"closed","template":"","meta":{"_kad_blocks_custom_css":"","_kad_blocks_head_custom_js":"","_kad_blocks_body_custom_js":"","_kad_blocks_footer_custom_js":"","_kad_post_transparent":"","_kad_post_title":"","_kad_post_layout":"","_kad_post_sidebar_id":"","_kad_post_content_style":"","_kad_post_vertical_padding":"","_kad_post_feature":"","_kad_post_feature_position":"","_kad_post_header":false,"_kad_post_footer":false,"_kad_post_classname":""},"product_brand":[385],"product_cat":[404,396],"product_tag":[96,93,95],"class_list":{"0":"post-6225","1":"product","2":"type-product","3":"status-publish","4":"has-post-thumbnail","6":"product_brand-velartrip","7":"product_cat-accessoires-voyage","8":"product_cat-accessoires-beaute","9":"product_tag-nomade","10":"product_tag-accessoire","11":"product_tag-avion","13":"first","14":"instock","15":"taxable","16":"shipping-taxable","17":"purchasable","18":"product-type-simple","19":"entry","20":"content-bg","21":"loop-entry"},"taxonomy_info":{"product_brand":[{"value":385,"label":"VelarTrip"}],"product_cat":[{"value":404,"label":"Accessoires de Voyage"},{"value":396,"label":"Mini Produits de Beaut\u00e9"}],"product_tag":[{"value":96,"label":" Nomade"},{"value":93,"label":"Accessoire"},{"value":95,"label":"Avion"}]},"featured_image_src_large":["https:\/\/velartrip.com\/wp-content\/uploads\/2022\/05\/4000627648808_images_6295d79b1fa1c_4.jpg",800,800,false],"author_info":[],"comment_info":0,"_links":{"self":[{"href":"https:\/\/velartrip.com\/es\/wp-json\/wp\/v2\/product\/6225","targetHints":{"allow":["GET"]}}],"collection":[{"href":"https:\/\/velartrip.com\/es\/wp-json\/wp\/v2\/product"}],"about":[{"href":"https:\/\/velartrip.com\/es\/wp-json\/wp\/v2\/types\/product"}],"replies":[{"embeddable":true,"href":"https:\/\/velartrip.com\/es\/wp-json\/wp\/v2\/comments?post=6225"}],"wp:featuredmedia":[{"embeddable":true,"href":"https:\/\/velartrip.com\/es\/wp-json\/wp\/v2\/media\/13687"}],"wp:attachment":[{"href":"https:\/\/velartrip.com\/es\/wp-json\/wp\/v2\/media?parent=6225"}],"wp:term":[{"taxonomy":"product_brand","embeddable":true,"href":"https:\/\/velartrip.com\/es\/wp-json\/wp\/v2\/product_brand?post=6225"},{"taxonomy":"product_cat","embeddable":true,"href":"https:\/\/velartrip.com\/es\/wp-json\/wp\/v2\/product_cat?post=6225"},{"taxonomy":"product_tag","embeddable":true,"href":"https:\/\/velartrip.com\/es\/wp-json\/wp\/v2\/product_tag?post=6225"}],"curies":[{"name":"wp","href":"https:\/\/api.w.org\/{rel}","templated":true}]}}

<h2>Una funda de maquinilla sencilla pero muy práctica para no dañar las cuchillas y mantener la higiene de la piel.</h2>
<ul>
<li>
<strong>Compacto y ligero</strong>Esta maleta no aumentará el peso de su equipaje.</li>
<li>
<strong>Adaptable</strong> a todas las maquinillas de afeitar</li>
<li>Dimensiones: <strong>17 cm de largo</strong>
</li>
</ul>
<ul>
<li><strong>ENTREGA ESTÁNDAR GRATUITA</strong></li>
</ul>

<p>Una funda de maquinilla sencilla pero muy práctica para no dañar las cuchillas y mantener la higiene de la piel. Compacta y ligera, esta funda no aumentará el peso de su equipaje. Apta para todas las maquinillas de afeitar. Tamaño: 17 cm de largo ENVÍO ESTÁNDAR GRATUITO</p>

Mini Produits de Beauté
