{"id":6235,"date":"2020-03-20T16:09:16","date_gmt":"2020-03-20T16:09:16","guid":{"rendered":"https:\/\/velartrip.com\/?product=masque-de-nuit-br-quito-noir"},"modified":"2022-08-03T11:19:59","modified_gmt":"2022-08-03T09:19:59","slug":"masque-de-nuit-quito","status":"publish","type":"product","link":"https:\/\/velartrip.com\/es\/accessoires-voyage\/masques-nuit\/masque-de-nuit-quito\/","title":{"rendered":"Quito Night Mask Negro"},"content":{"rendered":"<p><meta charset=\"utf-8\"><\/p>\n<h2>Un dise\u00f1o sencillo, sobrio y elegante. Validado por 100% de nuestros viajeros.<\/h2>\n<ul>\n<li>\n<strong>Dise\u00f1o 3D<\/strong>\u00a0para evitar la sensaci\u00f3n de presi\u00f3n en los ojos.<\/li>\n<\/ul>\n<ul>\n<li>Una m\u00e1scara<strong>\u00a0ligero y c\u00f3modo.<\/strong>\n<\/li>\n<\/ul>\n<ul>\n<li>Nuestra banda\u00a0<strong><em>\"zen ajuste<\/em><\/strong><span>\u00a0<\/span>que<span>\u00a0<\/span><strong>se adapta a todos.<\/strong>\n<\/li>\n<\/ul>\n<ul>\n<li>25 cm de largo y 9 cm de ancho.<\/li>\n<\/ul>\n<ul>\n<li><strong>ENTREGA EST\u00c1NDAR GRATUITA<\/strong><\/li>\n<\/ul>\n<ul><\/ul>","protected":false},"excerpt":{"rendered":"<p>Un design simple, sobre et \u00e9l\u00e9gant. Valid\u00e9 par 100% de nos voyageurs. Conception 3D\u00a0qui t&rsquo;\u00e9viteras la sensation de pression sur\u00a0tes yeux. Un masque\u00a0l\u00e9ger et confortable. Notre\u00a0bande\u00a0\u00ab\u00a0zen ajuste\u00a0\u00bb\u00a0qui\u00a0s&rsquo;adapte \u00e0 tous. 25 cm de long &amp; 9 cm de large. LIVRAISON STANDARD OFFERTE<\/p>","protected":false},"featured_media":13324,"comment_status":"open","ping_status":"closed","template":"","meta":{"_kad_blocks_custom_css":"","_kad_blocks_head_custom_js":"","_kad_blocks_body_custom_js":"","_kad_blocks_footer_custom_js":"","_kad_post_transparent":"","_kad_post_title":"","_kad_post_layout":"","_kad_post_sidebar_id":"","_kad_post_content_style":"","_kad_post_vertical_padding":"","_kad_post_feature":"","_kad_post_feature_position":"","_kad_post_header":false,"_kad_post_footer":false,"_kad_post_classname":""},"product_brand":[385],"product_cat":[394],"product_tag":[107],"class_list":{"0":"post-6235","1":"product","2":"type-product","3":"status-publish","4":"has-post-thumbnail","6":"product_brand-velartrip","7":"product_cat-masques-nuit","8":"product_tag-nomade","10":"first","11":"instock","12":"taxable","13":"shipping-taxable","14":"purchasable","15":"product-type-simple","16":"entry","17":"content-bg","18":"loop-entry"},"taxonomy_info":{"product_brand":[{"value":385,"label":"VelarTrip"}],"product_cat":[{"value":394,"label":"Masques De Nuit"}],"product_tag":[{"value":107,"label":"Nomade"}]},"featured_image_src_large":["https:\/\/velartrip.com\/wp-content\/uploads\/2022\/05\/82.jpg",800,800,false],"author_info":[],"comment_info":4,"_links":{"self":[{"href":"https:\/\/velartrip.com\/es\/wp-json\/wp\/v2\/product\/6235","targetHints":{"allow":["GET"]}}],"collection":[{"href":"https:\/\/velartrip.com\/es\/wp-json\/wp\/v2\/product"}],"about":[{"href":"https:\/\/velartrip.com\/es\/wp-json\/wp\/v2\/types\/product"}],"replies":[{"embeddable":true,"href":"https:\/\/velartrip.com\/es\/wp-json\/wp\/v2\/comments?post=6235"}],"wp:featuredmedia":[{"embeddable":true,"href":"https:\/\/velartrip.com\/es\/wp-json\/wp\/v2\/media\/13324"}],"wp:attachment":[{"href":"https:\/\/velartrip.com\/es\/wp-json\/wp\/v2\/media?parent=6235"}],"wp:term":[{"taxonomy":"product_brand","embeddable":true,"href":"https:\/\/velartrip.com\/es\/wp-json\/wp\/v2\/product_brand?post=6235"},{"taxonomy":"product_cat","embeddable":true,"href":"https:\/\/velartrip.com\/es\/wp-json\/wp\/v2\/product_cat?post=6235"},{"taxonomy":"product_tag","embeddable":true,"href":"https:\/\/velartrip.com\/es\/wp-json\/wp\/v2\/product_tag?post=6235"}],"curies":[{"name":"wp","href":"https:\/\/api.w.org\/{rel}","templated":true}]}}

<p><meta charset="utf-8"></p>
<h2>Un diseño sencillo, sobrio y elegante. Validado por 100% de nuestros viajeros.</h2>
<ul>
<li>
<strong>Diseño 3D</strong> para evitar la sensación de presión en los ojos.</li>
</ul>
<ul>
<li>Una máscara<strong> ligero y cómodo.</strong>
</li>
</ul>
<ul>
<li>Nuestra banda <strong><em>"zen ajuste</em></strong><span> </span>que<span> </span><strong>se adapta a todos.</strong>
</li>
</ul>
<ul>
<li>25 cm de largo y 9 cm de ancho.</li>
</ul>
<ul>
<li><strong>ENTREGA ESTÁNDAR GRATUITA</strong></li>
</ul>
<ul></ul>

<p>Un design simple, sobre et élégant. Validé par 100% de nos voyageurs. Conception 3D qui t&rsquo;éviteras la sensation de pression sur tes yeux. Un masque léger et confortable. Notre bande « zen ajuste » qui s&rsquo;adapte à tous. 25 cm de long &amp; 9 cm de large. LIVRAISON STANDARD OFFERTE</p>
