{"id":6287,"date":"2020-04-12T17:21:53","date_gmt":"2020-04-12T17:21:53","guid":{"rendered":"https:\/\/velartrip.com\/?product=sac-de-compression-br-denver"},"modified":"2022-07-08T09:23:36","modified_gmt":"2022-07-08T07:23:36","slug":"sac-de-compression","status":"publish","type":"product","link":"https:\/\/velartrip.com\/es\/accessoires-pratiques\/sac-de-compression\/","title":{"rendered":"Bolsa de compresi\u00f3n Denver"},"content":{"rendered":"<h2>Cuando estuvimos en Atenas, conocimos a un grupo de amigos belgas que nos ense\u00f1aron c\u00f3mo se las arreglaban para liberar espacio en sus maletas.<\/h2>\n<h2>As\u00ed que nos hemos convertido en fans de Denver porque para nosotros es <strong>75% de plazas adicionales<\/strong> \u00a1para traer recuerdos a sus seres queridos!<\/h2>\n<ul>\n<li>\n<strong>4 bolsas dise\u00f1adas<\/strong> para guardar todo tipo de ropa<\/li>\n<\/ul>\n<ul>\n<li>Evita imprevistos <em>(ya sabes, el bote de desmaquillante que se abre en la maleta durante el viaje...)<\/em>\n<\/li>\n<\/ul>\n<ul>\n<li>\n<strong>No necesita aspiradora<\/strong> para evacuar el aire de las bolsas<strong> un simple \"rollo\" es todo lo que se necesita<\/strong> !<\/li>\n<\/ul>\n<ul>\n<li>Las bolsas eran <strong>tratados<\/strong> contra <strong>molde<\/strong>el<strong> insectos y bacterias\u00a0<\/strong>\n<\/li>\n<\/ul>\n<ul>\n<li><strong>ENTREGA EST\u00c1NDAR GRATUITA<\/strong><\/li>\n<\/ul>\n<table width=\"100%\">\n<tbody>\n<tr>\n<td style=\"width: 31.9253%; text-align: center;\">Tama\u00f1o de las bolsas<\/td>\n<td style=\"width: 28.0747%; text-align: center;\">Longitud<\/td>\n<td style=\"width: 33%; text-align: center;\">\u00a0Anchura<\/td>\n<\/tr>\n<tr>\n<td style=\"width: 31.9253%; text-align: center;\">XL<\/td>\n<td style=\"width: 28.0747%; text-align: center;\">70 cm<\/td>\n<td style=\"width: 33%; text-align: center;\">50 cm<\/td>\n<\/tr>\n<tr>\n<td style=\"width: 31.9253%; text-align: center;\">L<\/td>\n<td style=\"width: 28.0747%; text-align: center;\">60 cm<\/td>\n<td style=\"width: 33%; text-align: center;\">40 cm<\/td>\n<\/tr>\n<tr>\n<td style=\"width: 31.9253%; text-align: center;\">M<\/td>\n<td style=\"width: 28.0747%; text-align: center;\">50 cm<\/td>\n<td style=\"width: 33%; text-align: center;\">40 cm<\/td>\n<\/tr>\n<tr>\n<td style=\"width: 31.9253%; text-align: center;\">S<\/td>\n<td style=\"width: 28.0747%; text-align: center;\">50 cm<\/td>\n<td style=\"width: 33%; text-align: center;\">35 cm<\/td>\n<\/tr>\n<\/tbody>\n<\/table>","protected":false},"excerpt":{"rendered":"<p>Cuando est\u00e1bamos de viaje en Atenas, conocimos a un grupo de amigos belgas que nos mostraron c\u00f3mo liberan espacio en sus maletas. As\u00ed que nos hicimos fan\u00e1ticos de Denver, \u00a1porque para nosotros son 75% lugares adicionales para llevar recuerdos para nuestros seres queridos! 4 bolsas dise\u00f1adas para\u2026<\/p>","protected":false},"featured_media":13655,"comment_status":"open","ping_status":"closed","template":"","meta":{"_kad_blocks_custom_css":"","_kad_blocks_head_custom_js":"","_kad_blocks_body_custom_js":"","_kad_blocks_footer_custom_js":"","_kad_post_transparent":"","_kad_post_title":"","_kad_post_layout":"","_kad_post_sidebar_id":"","_kad_post_content_style":"","_kad_post_vertical_padding":"","_kad_post_feature":"","_kad_post_feature_position":"","_kad_post_header":false,"_kad_post_footer":false,"_kad_post_classname":""},"product_brand":[385],"product_cat":[386],"product_tag":[],"class_list":{"0":"post-6287","1":"product","2":"type-product","3":"status-publish","4":"has-post-thumbnail","6":"product_brand-velartrip","7":"product_cat-accessoires-pratiques","9":"first","10":"instock","11":"taxable","12":"shipping-taxable","13":"purchasable","14":"product-type-simple","15":"entry","16":"content-bg","17":"loop-entry"},"taxonomy_info":{"product_brand":[{"value":385,"label":"VelarTrip"}],"product_cat":[{"value":386,"label":"Accessoires Pratiques"}]},"featured_image_src_large":["https:\/\/velartrip.com\/wp-content\/uploads\/2022\/05\/32968773581_images_6294a9af868d4_2.jpg",800,800,false],"author_info":[],"comment_info":6,"_links":{"self":[{"href":"https:\/\/velartrip.com\/es\/wp-json\/wp\/v2\/product\/6287","targetHints":{"allow":["GET"]}}],"collection":[{"href":"https:\/\/velartrip.com\/es\/wp-json\/wp\/v2\/product"}],"about":[{"href":"https:\/\/velartrip.com\/es\/wp-json\/wp\/v2\/types\/product"}],"replies":[{"embeddable":true,"href":"https:\/\/velartrip.com\/es\/wp-json\/wp\/v2\/comments?post=6287"}],"wp:featuredmedia":[{"embeddable":true,"href":"https:\/\/velartrip.com\/es\/wp-json\/wp\/v2\/media\/13655"}],"wp:attachment":[{"href":"https:\/\/velartrip.com\/es\/wp-json\/wp\/v2\/media?parent=6287"}],"wp:term":[{"taxonomy":"product_brand","embeddable":true,"href":"https:\/\/velartrip.com\/es\/wp-json\/wp\/v2\/product_brand?post=6287"},{"taxonomy":"product_cat","embeddable":true,"href":"https:\/\/velartrip.com\/es\/wp-json\/wp\/v2\/product_cat?post=6287"},{"taxonomy":"product_tag","embeddable":true,"href":"https:\/\/velartrip.com\/es\/wp-json\/wp\/v2\/product_tag?post=6287"}],"curies":[{"name":"wp","href":"https:\/\/api.w.org\/{rel}","templated":true}]}}

Bolsa de compresión Denver

<h2>Cuando estuvimos en Atenas, conocimos a un grupo de amigos belgas que nos enseñaron cómo se las arreglaban para liberar espacio en sus maletas.</h2>
<h2>Así que nos hemos convertido en fans de Denver porque para nosotros es <strong>75% de plazas adicionales</strong> ¡para traer recuerdos a sus seres queridos!</h2>
<ul>
<li>
<strong>4 bolsas diseñadas</strong> para guardar todo tipo de ropa</li>
</ul>
<ul>
<li>Evita imprevistos <em>(ya sabes, el bote de desmaquillante que se abre en la maleta durante el viaje...)</em>
</li>
</ul>
<ul>
<li>
<strong>No necesita aspiradora</strong> para evacuar el aire de las bolsas<strong> un simple "rollo" es todo lo que se necesita</strong> !</li>
</ul>
<ul>
<li>Las bolsas eran <strong>tratados</strong> contra <strong>molde</strong>el<strong> insectos y bacterias </strong>
</li>
</ul>
<ul>
<li><strong>ENTREGA ESTÁNDAR GRATUITA</strong></li>
</ul>
<table width="100%">
<tbody>
<tr>
<td style="width: 31.9253%; text-align: center;">Tamaño de las bolsas</td>
<td style="width: 28.0747%; text-align: center;">Longitud</td>
<td style="width: 33%; text-align: center;"> Anchura</td>
</tr>
<tr>
<td style="width: 31.9253%; text-align: center;">XL</td>
<td style="width: 28.0747%; text-align: center;">70 cm</td>
<td style="width: 33%; text-align: center;">50 cm</td>
</tr>
<tr>
<td style="width: 31.9253%; text-align: center;">L</td>
<td style="width: 28.0747%; text-align: center;">60 cm</td>
<td style="width: 33%; text-align: center;">40 cm</td>
</tr>
<tr>
<td style="width: 31.9253%; text-align: center;">M</td>
<td style="width: 28.0747%; text-align: center;">50 cm</td>
<td style="width: 33%; text-align: center;">40 cm</td>
</tr>
<tr>
<td style="width: 31.9253%; text-align: center;">S</td>
<td style="width: 28.0747%; text-align: center;">50 cm</td>
<td style="width: 33%; text-align: center;">35 cm</td>
</tr>
</tbody>
</table>

<p>Cuando estábamos de viaje en Atenas, conocimos a un grupo de amigos belgas que nos mostraron cómo liberan espacio en sus maletas. Así que nos hicimos fanáticos de Denver, ¡porque para nosotros son 75% lugares adicionales para llevar recuerdos para nuestros seres queridos! 4 bolsas diseñadas para…</p>
