{"id":6429,"date":"2020-04-17T20:27:26","date_gmt":"2020-04-17T20:27:26","guid":{"rendered":"https:\/\/velartrip.com\/?product=etiquette-bagage-br-avion-gris"},"modified":"2022-12-20T16:50:35","modified_gmt":"2022-12-20T15:50:35","slug":"etiquette-bagage-avion-gris","status":"publish","type":"product","link":"https:\/\/velartrip.com\/es\/accessoires-pour-valise\/etiquettes-bagages\/etiquette-bagage-avion-gris\/","title":{"rendered":"Etiquetas grises para equipaje de avi\u00f3n"},"content":{"rendered":"<p>&nbsp;<\/p>\n<h2>La m\u00e1s sencilla de nuestras etiquetas de equipaje con un magn\u00edfico motivo de avi\u00f3n gris<\/h2>\n<p>&nbsp;<\/p>\n<ul>\n<li><strong>Identificar y encontrar<\/strong>\u00a0su equipaje f\u00e1cilmente<\/li>\n<li><strong>Se fija r\u00e1pidamente<\/strong>\u00a0y f\u00e1cilmente.<\/li>\n<li>Dise\u00f1ado para\u00a0<strong>todo tipo de equipaje<\/strong>s (manos, bolsa de viaje, maleta de mano, mochila, etc.)<\/li>\n<li>Composici\u00f3n: piel sint\u00e9tica<\/li>\n<\/ul>\n<h3 style=\"text-align: center\"><span style=\"color: #82d5c7\">\u00bfPor qu\u00e9 etiquetar las maletas?<\/span><\/h3>\n<p>Si desea :<\/p>\n<p>\u2705 Viajar en tren, barco o avi\u00f3n.<\/p>\n<p>\u2705\u00a0<strong>Distinguir sus maletas<\/strong>\u00a0otros viajeros en el carrusel de equipajes<\/p>\n<p>\u2705 <strong>Encuentre su camino m\u00e1s f\u00e1cilmente<\/strong>t una maleta perdida (\u00a1aunque no se lo desear\u00edamos!)<\/p>\n<p>\u2705 Ser <strong>en cumplimiento de la normativa<\/strong> aeropuerto\u00a0<span data-mce-fragment=\"1\">internacional<\/span><\/p>\n<p><span data-mce-fragment=\"1\">\u2705 <strong>Evitar la destrucci\u00f3n<\/strong> por las autoridades de su maleta desatendida.<\/span><\/p>\n<p><span data-mce-fragment=\"1\">En este caso, necesitar\u00e1 una etiqueta de equipaje.<\/span><\/p>\n<h3 style=\"text-align: center\"><span style=\"color: #db7c46\" data-mce-fragment=\"1\">\u00bfC\u00f3mo elijo la etiqueta de mi equipaje?<\/span><\/h3>\n<p><span data-mce-fragment=\"1\">Este es sin duda el accesorio de viaje m\u00e1s f\u00e1cil de elegir, ya que depender\u00e1 de <strong>s\u00f3lo su gusto en dise\u00f1o<\/strong> !<\/span><\/p>\n<p><span data-mce-fragment=\"1\">Por lo dem\u00e1s, cada etiqueta tiene m\u00e1s o menos <strong>los mismos campos que deben rellenarse<\/strong>en otras palabras:<\/span><\/p>\n<ul>\n<li><span data-mce-fragment=\"1\">nombre completo<\/span><\/li>\n<li><span data-mce-fragment=\"1\">direcci\u00f3n postal\u00a0<\/span><\/li>\n<li><span data-mce-fragment=\"1\">el n\u00famero de tel\u00e9fono\u00a0<\/span><\/li>\n<li><span data-mce-fragment=\"1\">direcci\u00f3n de correo electr\u00f3nico<\/span><\/li>\n<\/ul>","protected":false},"excerpt":{"rendered":"<p>&nbsp; La plus simple de nos etiquettes de bagage avec un superbe motif d&rsquo;un avion couleur gris &nbsp; Identifiez et retrouvez\u00a0facilement\u00a0vos bagages S&rsquo;attache rapidement\u00a0et facilement. Con\u00e7u pour\u00a0tous types de bagages (mains, sac de voyage, valise cabine, sac \u00e0 dos&#8230;) Composition : cuir synth\u00e9tique Pourquoi \u00e9tiqueter ses valises ? Si vous souhaitez : \u2705\u00a0Voyager en train,&#8230;<\/p>","protected":false},"featured_media":13559,"comment_status":"open","ping_status":"closed","template":"","meta":{"_kad_blocks_custom_css":"","_kad_blocks_head_custom_js":"","_kad_blocks_body_custom_js":"","_kad_blocks_footer_custom_js":"","_kad_post_transparent":"","_kad_post_title":"","_kad_post_layout":"","_kad_post_sidebar_id":"","_kad_post_content_style":"","_kad_post_vertical_padding":"","_kad_post_feature":"","_kad_post_feature_position":"","_kad_post_header":false,"_kad_post_footer":false,"_kad_post_classname":""},"product_brand":[385],"product_cat":[618,397],"product_tag":[95],"class_list":{"0":"post-6429","1":"product","2":"type-product","3":"status-publish","4":"has-post-thumbnail","6":"product_brand-velartrip","7":"product_cat-accessoires-pour-valise","8":"product_cat-etiquettes-bagages","9":"product_tag-avion","11":"first","12":"instock","13":"taxable","14":"shipping-taxable","15":"purchasable","16":"product-type-simple","17":"entry","18":"content-bg","19":"loop-entry"},"taxonomy_info":{"product_brand":[{"value":385,"label":"VelarTrip"}],"product_cat":[{"value":618,"label":"Accessoires pour Valise"},{"value":397,"label":"\u00c9tiquette Bagage"}],"product_tag":[{"value":95,"label":"Avion"}]},"featured_image_src_large":["https:\/\/velartrip.com\/wp-content\/uploads\/2022\/05\/93.jpg",800,800,false],"author_info":[],"comment_info":6,"_links":{"self":[{"href":"https:\/\/velartrip.com\/es\/wp-json\/wp\/v2\/product\/6429","targetHints":{"allow":["GET"]}}],"collection":[{"href":"https:\/\/velartrip.com\/es\/wp-json\/wp\/v2\/product"}],"about":[{"href":"https:\/\/velartrip.com\/es\/wp-json\/wp\/v2\/types\/product"}],"replies":[{"embeddable":true,"href":"https:\/\/velartrip.com\/es\/wp-json\/wp\/v2\/comments?post=6429"}],"wp:featuredmedia":[{"embeddable":true,"href":"https:\/\/velartrip.com\/es\/wp-json\/wp\/v2\/media\/13559"}],"wp:attachment":[{"href":"https:\/\/velartrip.com\/es\/wp-json\/wp\/v2\/media?parent=6429"}],"wp:term":[{"taxonomy":"product_brand","embeddable":true,"href":"https:\/\/velartrip.com\/es\/wp-json\/wp\/v2\/product_brand?post=6429"},{"taxonomy":"product_cat","embeddable":true,"href":"https:\/\/velartrip.com\/es\/wp-json\/wp\/v2\/product_cat?post=6429"},{"taxonomy":"product_tag","embeddable":true,"href":"https:\/\/velartrip.com\/es\/wp-json\/wp\/v2\/product_tag?post=6429"}],"curies":[{"name":"wp","href":"https:\/\/api.w.org\/{rel}","templated":true}]}}

Etiquetas grises para equipaje de avión

<p>&nbsp;</p>
<h2>La más sencilla de nuestras etiquetas de equipaje con un magnífico motivo de avión gris</h2>
<p>&nbsp;</p>
<ul>
<li><strong>Identificar y encontrar</strong> su equipaje fácilmente</li>
<li><strong>Se fija rápidamente</strong> y fácilmente.</li>
<li>Diseñado para <strong>todo tipo de equipaje</strong>s (manos, bolsa de viaje, maleta de mano, mochila, etc.)</li>
<li>Composición: piel sintética</li>
</ul>
<h3 style="text-align: center"><span style="color: #82d5c7">¿Por qué etiquetar las maletas?</span></h3>
<p>Si desea :</p>
<p>✅ Viajar en tren, barco o avión.</p>
<p>✅ <strong>Distinguir sus maletas</strong> otros viajeros en el carrusel de equipajes</p>
<p>✅ <strong>Encuentre su camino más fácilmente</strong>t una maleta perdida (¡aunque no se lo desearíamos!)</p>
<p>✅ Ser <strong>en cumplimiento de la normativa</strong> aeropuerto <span data-mce-fragment="1">internacional</span></p>
<p><span data-mce-fragment="1">✅ <strong>Evitar la destrucción</strong> por las autoridades de su maleta desatendida.</span></p>
<p><span data-mce-fragment="1">En este caso, necesitará una etiqueta de equipaje.</span></p>
<h3 style="text-align: center"><span style="color: #db7c46" data-mce-fragment="1">¿Cómo elijo la etiqueta de mi equipaje?</span></h3>
<p><span data-mce-fragment="1">Este es sin duda el accesorio de viaje más fácil de elegir, ya que dependerá de <strong>sólo su gusto en diseño</strong> !</span></p>
<p><span data-mce-fragment="1">Por lo demás, cada etiqueta tiene más o menos <strong>los mismos campos que deben rellenarse</strong>en otras palabras:</span></p>
<ul>
<li><span data-mce-fragment="1">nombre completo</span></li>
<li><span data-mce-fragment="1">dirección postal </span></li>
<li><span data-mce-fragment="1">el número de teléfono </span></li>
<li><span data-mce-fragment="1">dirección de correo electrónico</span></li>
</ul>

<p>&nbsp; La plus simple de nos etiquettes de bagage avec un superbe motif d&rsquo;un avion couleur gris &nbsp; Identifiez et retrouvez facilement vos bagages S&rsquo;attache rapidement et facilement. Conçu pour tous types de bagages (mains, sac de voyage, valise cabine, sac à dos&#8230;) Composition : cuir synthétique Pourquoi étiqueter ses valises ? Si vous souhaitez : ✅ Voyager en train,&#8230;</p>

Étiquette Bagage
