{"id":7832,"date":"2020-10-09T18:12:11","date_gmt":"2020-10-09T18:12:11","guid":{"rendered":"https:\/\/velartrip.com\/?product=housse-de-valise-br-paris-je-taime"},"modified":"2024-12-04T09:30:07","modified_gmt":"2024-12-04T08:30:07","slug":"housse-valise-paris-je-taime","status":"publish","type":"product","link":"https:\/\/velartrip.com\/es\/accessoires-pour-valise\/housse-de-valise\/housse-valise-paris-je-taime\/","title":{"rendered":"Funda para maleta Paris Je T'Aime"},"content":{"rendered":"<h2>Une superbe Housse De Valise pour tous les amoureux de la ville de Paris !<\/h2>\n<ul>\n<li><strong>Housse en polyester<\/strong> qui procure une grande \u00e9lasticit\u00e9.<\/li>\n<li>S&rsquo;adapte parfaitement \u00e0 <strong>tous types de bagages<\/strong> (cabine ou grande valise).<\/li>\n<li><strong>Deux ouvertures pr\u00e9vues<\/strong> pour la poign\u00e9e t\u00e9lescopique et\/o\u00f9 la poign\u00e9e simple.<\/li>\n<li>Les <strong>fermetures \u00e9clairs<\/strong> sont \u00e9galement <strong>prot\u00e9g\u00e9es<\/strong> par la housse.<\/li>\n<li>Ta valise <strong>restera ferm\u00e9e<\/strong> et en <strong>s\u00e9curit\u00e9<\/strong> au d\u00e9part comme \u00e0 l&rsquo;arriv\u00e9e.<\/li>\n<li>Tu <strong>\u00e9conomiseras<\/strong> beaucoup d&rsquo;argent en <strong>\u00e9vitant<\/strong> de <strong>payer les films<\/strong> de protection \u00e0 <strong>usage unique<\/strong> dans les a\u00e9roports !<\/li>\n<li>La plan\u00e8te se portera mieux avec nos <strong>housses r\u00e9utilisables<\/strong> ! \u267b\ufe0f<\/li>\n<\/ul>\n<p style=\"text-align: center;\"><em>\ud83d\udccf R\u00e9f\u00e8re-toi au guide des tailles pour choisir au mieux ta housse de valise en fonction de sa dimension \ud83d\udccf<\/em><\/p>\n<p>[block id=\u00a0\u00bbhousse-de-valise-produit-description\u00a0\u00bb]<\/p>\n","protected":false},"excerpt":{"rendered":"<p>Une superbe Housse De Valise pour tous les amoureux de la ville de Paris ! Housse en polyester qui procure une grande \u00e9lasticit\u00e9. S&rsquo;adapte parfaitement \u00e0 tous types de bagages (cabine ou grande valise). Deux ouvertures pr\u00e9vues pour la poign\u00e9e t\u00e9lescopique et\/o\u00f9 la poign\u00e9e simple. Les fermetures \u00e9clairs sont \u00e9galement prot\u00e9g\u00e9es par la housse. Ta&#8230;<\/p>","protected":false},"featured_media":12388,"comment_status":"open","ping_status":"closed","template":"","meta":{"_kad_blocks_custom_css":"","_kad_blocks_head_custom_js":"","_kad_blocks_body_custom_js":"","_kad_blocks_footer_custom_js":"","_kad_post_transparent":"","_kad_post_title":"","_kad_post_layout":"","_kad_post_sidebar_id":"","_kad_post_content_style":"","_kad_post_vertical_padding":"","_kad_post_feature":"","_kad_post_feature_position":"","_kad_post_header":false,"_kad_post_footer":false,"_kad_post_classname":""},"product_brand":[385],"product_cat":[392,618],"product_tag":[165],"class_list":{"0":"post-7832","1":"product","2":"type-product","3":"status-publish","4":"has-post-thumbnail","6":"product_brand-velartrip","7":"product_cat-housse-de-valise","8":"product_cat-accessoires-pour-valise","9":"product_tag-compatible-toutes-poignees","11":"first","12":"instock","13":"taxable","14":"shipping-taxable","15":"purchasable","16":"product-type-variable","17":"entry","18":"content-bg","19":"loop-entry"},"taxonomy_info":{"product_brand":[{"value":385,"label":"VelarTrip"}],"product_cat":[{"value":392,"label":"Housses De Valise"},{"value":618,"label":"Accessoires pour Valise"}],"product_tag":[{"value":165,"label":"Compatible toutes poign\u00e9es"}]},"featured_image_src_large":["https:\/\/velartrip.com\/wp-content\/uploads\/2020\/10\/housse-de-valise-paris-je-taime.jpg",800,800,false],"author_info":[],"comment_info":5,"_links":{"self":[{"href":"https:\/\/velartrip.com\/es\/wp-json\/wp\/v2\/product\/7832","targetHints":{"allow":["GET"]}}],"collection":[{"href":"https:\/\/velartrip.com\/es\/wp-json\/wp\/v2\/product"}],"about":[{"href":"https:\/\/velartrip.com\/es\/wp-json\/wp\/v2\/types\/product"}],"replies":[{"embeddable":true,"href":"https:\/\/velartrip.com\/es\/wp-json\/wp\/v2\/comments?post=7832"}],"wp:featuredmedia":[{"embeddable":true,"href":"https:\/\/velartrip.com\/es\/wp-json\/wp\/v2\/media\/12388"}],"wp:attachment":[{"href":"https:\/\/velartrip.com\/es\/wp-json\/wp\/v2\/media?parent=7832"}],"wp:term":[{"taxonomy":"product_brand","embeddable":true,"href":"https:\/\/velartrip.com\/es\/wp-json\/wp\/v2\/product_brand?post=7832"},{"taxonomy":"product_cat","embeddable":true,"href":"https:\/\/velartrip.com\/es\/wp-json\/wp\/v2\/product_cat?post=7832"},{"taxonomy":"product_tag","embeddable":true,"href":"https:\/\/velartrip.com\/es\/wp-json\/wp\/v2\/product_tag?post=7832"}],"curies":[{"name":"wp","href":"https:\/\/api.w.org\/{rel}","templated":true}]}}

<h2>Une superbe Housse De Valise pour tous les amoureux de la ville de Paris !</h2>
<ul>
<li><strong>Housse en polyester</strong> qui procure une grande élasticité.</li>
<li>S&rsquo;adapte parfaitement à <strong>tous types de bagages</strong> (cabine ou grande valise).</li>
<li><strong>Deux ouvertures prévues</strong> pour la poignée télescopique et/où la poignée simple.</li>
<li>Les <strong>fermetures éclairs</strong> sont également <strong>protégées</strong> par la housse.</li>
<li>Ta valise <strong>restera fermée</strong> et en <strong>sécurité</strong> au départ comme à l&rsquo;arrivée.</li>
<li>Tu <strong>économiseras</strong> beaucoup d&rsquo;argent en <strong>évitant</strong> de <strong>payer les films</strong> de protection à <strong>usage unique</strong> dans les aéroports !</li>
<li>La planète se portera mieux avec nos <strong>housses réutilisables</strong> ! ♻️</li>
</ul>
<p style="text-align: center;"><em>📏 Réfère-toi au guide des tailles pour choisir au mieux ta housse de valise en fonction de sa dimension 📏</em></p>
<p>[block id= »housse-de-valise-produit-description »]</p>

<p>Une superbe Housse De Valise pour tous les amoureux de la ville de Paris ! Housse en polyester qui procure une grande élasticité. S&rsquo;adapte parfaitement à tous types de bagages (cabine ou grande valise). Deux ouvertures prévues pour la poignée télescopique et/où la poignée simple. Les fermetures éclairs sont également protégées par la housse. Ta&#8230;</p>

Compatible toutes poignées
