{"id":8023,"date":"2021-01-08T12:43:22","date_gmt":"2021-01-08T12:43:22","guid":{"rendered":"https:\/\/velartrip.com\/?product=housse-de-valise-br-combi"},"modified":"2024-12-04T09:29:55","modified_gmt":"2024-12-04T08:29:55","slug":"housse-valise-combi-volkswagen","status":"publish","type":"product","link":"https:\/\/velartrip.com\/es\/accessoires-pour-valise\/housse-de-valise\/housse-valise-combi-volkswagen\/","title":{"rendered":"Funda para maleta Combi"},"content":{"rendered":"<h2>Ah le combi ! Symbole du voyage par excellence et de la vie paisible des ann\u00e9es 70. D\u00e9couvre notre housse haute en couleur qui distinguera parfaitement ta valise !<\/h2>\n<ul>\n<li><strong><span style=\"text-decoration: underline\">S&rsquo;adapte \u00e0 99% des valises<\/span> <\/strong>\u00e0 2 ou 4 roues.<\/li>\n<li><strong>Deux ouvertures pr\u00e9vues<\/strong> pour la poign\u00e9e t\u00e9lescopique et\/o\u00f9 la poign\u00e9e simple.<\/li>\n<li>Plus de risques de se faire voler ses affaires, <strong>les fermetures \u00e9clairs sont prot\u00e9g\u00e9es<\/strong> par notre housse<\/li>\n<li>Finis les films en plastiques jetables aux prix exorbitants, nos housses sont rentabilis\u00e9es d\u00e8s votre premier voyage.<\/li>\n<li>Lavable \u00e0 30\u00b0C et r\u00e9utilisable, la plan\u00e8te se portera mieux ! \u267b\ufe0f<\/li>\n<\/ul>\n<p style=\"text-align: center\">\ud83d\udccf R\u00e9f\u00e9rez-vous au guide des tailles pour choisir au mieux votre housse de valise en fonction de sa dimension \ud83d\udccf<\/p>\n<p class=\"p1\" style=\"text-align: center\"><span class=\"s1\">\u26a0\ufe0f<\/span> Compatible avec les housses de valise dont la poign\u00e9e lat\u00e9rale se situe \u00e0 gauche et non \u00e0 droite. (visible sur la photo de la housse)<\/p>\n<p>[block id=\u00a0\u00bbhousse-de-valise-produit-description\u00a0\u00bb]<\/p>\n","protected":false},"excerpt":{"rendered":"<p>\u00a1Ah la combi! S\u00edmbolo de los viajes por excelencia y de la vida tranquila de los a\u00f1os 70. \u00a1Descubre nuestra colorida funda que distinguir\u00e1 perfectamente tu maleta! Se adapta a maletas 99% de 2 o 4 ruedas. Dispone de dos aberturas para el mango telesc\u00f3pico y\/o el mango simple. M\u00e1s riesgo de contraer\u2026<\/p>","protected":false},"featured_media":13166,"comment_status":"open","ping_status":"closed","template":"","meta":{"_kad_blocks_custom_css":"","_kad_blocks_head_custom_js":"","_kad_blocks_body_custom_js":"","_kad_blocks_footer_custom_js":"","_kad_post_transparent":"","_kad_post_title":"","_kad_post_layout":"","_kad_post_sidebar_id":"","_kad_post_content_style":"","_kad_post_vertical_padding":"","_kad_post_feature":"","_kad_post_feature_position":"","_kad_post_header":false,"_kad_post_footer":false,"_kad_post_classname":""},"product_brand":[385],"product_cat":[618,392],"product_tag":[181],"class_list":{"0":"post-8023","1":"product","2":"type-product","3":"status-publish","4":"has-post-thumbnail","6":"product_brand-velartrip","7":"product_cat-accessoires-pour-valise","8":"product_cat-housse-de-valise","9":"product_tag-poignee-a-gauche","11":"first","12":"instock","13":"taxable","14":"shipping-taxable","15":"purchasable","16":"product-type-variable","17":"entry","18":"content-bg","19":"loop-entry"},"taxonomy_info":{"product_brand":[{"value":385,"label":"VelarTrip"}],"product_cat":[{"value":618,"label":"Accessoires pour Valise"},{"value":392,"label":"Housses De Valise"}],"product_tag":[{"value":181,"label":" Poign\u00e9e \u00e0 gauche"}]},"featured_image_src_large":["https:\/\/velartrip.com\/wp-content\/uploads\/2022\/04\/99.jpg",800,800,false],"author_info":[],"comment_info":5,"_links":{"self":[{"href":"https:\/\/velartrip.com\/es\/wp-json\/wp\/v2\/product\/8023","targetHints":{"allow":["GET"]}}],"collection":[{"href":"https:\/\/velartrip.com\/es\/wp-json\/wp\/v2\/product"}],"about":[{"href":"https:\/\/velartrip.com\/es\/wp-json\/wp\/v2\/types\/product"}],"replies":[{"embeddable":true,"href":"https:\/\/velartrip.com\/es\/wp-json\/wp\/v2\/comments?post=8023"}],"wp:featuredmedia":[{"embeddable":true,"href":"https:\/\/velartrip.com\/es\/wp-json\/wp\/v2\/media\/13166"}],"wp:attachment":[{"href":"https:\/\/velartrip.com\/es\/wp-json\/wp\/v2\/media?parent=8023"}],"wp:term":[{"taxonomy":"product_brand","embeddable":true,"href":"https:\/\/velartrip.com\/es\/wp-json\/wp\/v2\/product_brand?post=8023"},{"taxonomy":"product_cat","embeddable":true,"href":"https:\/\/velartrip.com\/es\/wp-json\/wp\/v2\/product_cat?post=8023"},{"taxonomy":"product_tag","embeddable":true,"href":"https:\/\/velartrip.com\/es\/wp-json\/wp\/v2\/product_tag?post=8023"}],"curies":[{"name":"wp","href":"https:\/\/api.w.org\/{rel}","templated":true}]}}

<h2>Ah le combi ! Symbole du voyage par excellence et de la vie paisible des années 70. Découvre notre housse haute en couleur qui distinguera parfaitement ta valise !</h2>
<ul>
<li><strong><span style="text-decoration: underline">S&rsquo;adapte à 99% des valises</span> </strong>à 2 ou 4 roues.</li>
<li><strong>Deux ouvertures prévues</strong> pour la poignée télescopique et/où la poignée simple.</li>
<li>Plus de risques de se faire voler ses affaires, <strong>les fermetures éclairs sont protégées</strong> par notre housse</li>
<li>Finis les films en plastiques jetables aux prix exorbitants, nos housses sont rentabilisées dès votre premier voyage.</li>
<li>Lavable à 30°C et réutilisable, la planète se portera mieux ! ♻️</li>
</ul>
<p style="text-align: center">📏 Référez-vous au guide des tailles pour choisir au mieux votre housse de valise en fonction de sa dimension 📏</p>
<p class="p1" style="text-align: center"><span class="s1">⚠️</span> Compatible avec les housses de valise dont la poignée latérale se situe à gauche et non à droite. (visible sur la photo de la housse)</p>
<p>[block id= »housse-de-valise-produit-description »]</p>

<p>¡Ah la combi! Símbolo de los viajes por excelencia y de la vida tranquila de los años 70. ¡Descubre nuestra colorida funda que distinguirá perfectamente tu maleta! Se adapta a maletas 99% de 2 o 4 ruedas. Dispone de dos aberturas para el mango telescópico y/o el mango simple. Más riesgo de contraer…</p>

Poignée à gauche
