{"id":6287,"date":"2020-04-12T17:21:53","date_gmt":"2020-04-12T17:21:53","guid":{"rendered":"https:\/\/velartrip.com\/?product=sac-de-compression-br-denver"},"modified":"2022-07-08T09:23:36","modified_gmt":"2022-07-08T07:23:36","slug":"sac-de-compression","status":"publish","type":"product","link":"https:\/\/velartrip.com\/it\/accessoires-pratiques\/sac-de-compression\/","title":{"rendered":"Borsa a compressione Denver"},"content":{"rendered":"<h2>Durante il nostro viaggio ad Atene, abbiamo incontrato un gruppo di amici belgi che ci hanno mostrato come liberano spazio nelle loro valigie.<\/h2>\n<h2>Quindi siamo diventati fan di Denver perch\u00e9 per noi \u00e8 <strong>75% di posti supplementari<\/strong> per riportare alla memoria i vostri cari!<\/h2>\n<ul>\n<li>\n<strong>4 sacchetti progettati<\/strong> per riporre tutti i tipi di abbigliamento<\/li>\n<\/ul>\n<ul>\n<li>Aiuta ad evitare tutti gli imprevisti <em>(avete presente quella boccetta di struccante che si apre nella valigia durante il viaggio...)<\/em>\n<\/li>\n<\/ul>\n<ul>\n<li>\n<strong>Non c&#039;\u00e8 bisogno di un aspirapolvere<\/strong> per evacuare l&#039;aria dai sacchetti<strong> basta un semplice &quot;roll&quot;<\/strong> !<\/li>\n<\/ul>\n<ul>\n<li>Le borse erano <strong>trattati<\/strong> contro <strong>stampo<\/strong>il<strong> insetti e batteri\u00a0<\/strong>\n<\/li>\n<\/ul>\n<ul>\n<li><strong>CONSEGNA STANDARD GRATUITA<\/strong><\/li>\n<\/ul>\n<table width=\"100%\">\n<tbody>\n<tr>\n<td style=\"width: 31.9253%; text-align: center;\">Dimensioni della borsa<\/td>\n<td style=\"width: 28.0747%; text-align: center;\">Lunghezza<\/td>\n<td style=\"width: 33%; text-align: center;\">\u00a0Larghezza<\/td>\n<\/tr>\n<tr>\n<td style=\"width: 31.9253%; text-align: center;\">XL<\/td>\n<td style=\"width: 28.0747%; text-align: center;\">70 cm<\/td>\n<td style=\"width: 33%; text-align: center;\">50 cm<\/td>\n<\/tr>\n<tr>\n<td style=\"width: 31.9253%; text-align: center;\">L<\/td>\n<td style=\"width: 28.0747%; text-align: center;\">60 cm<\/td>\n<td style=\"width: 33%; text-align: center;\">40 cm<\/td>\n<\/tr>\n<tr>\n<td style=\"width: 31.9253%; text-align: center;\">M<\/td>\n<td style=\"width: 28.0747%; text-align: center;\">50 cm<\/td>\n<td style=\"width: 33%; text-align: center;\">40 cm<\/td>\n<\/tr>\n<tr>\n<td style=\"width: 31.9253%; text-align: center;\">S<\/td>\n<td style=\"width: 28.0747%; text-align: center;\">50 cm<\/td>\n<td style=\"width: 33%; text-align: center;\">35 cm<\/td>\n<\/tr>\n<\/tbody>\n<\/table>","protected":false},"excerpt":{"rendered":"<p>Quand on \u00e9tait en d\u00e9placement \u00e0 Ath\u00e8nes, nous avons rencontr\u00e9 un groupe d&rsquo;amis belges qui nous\u00a0a montr\u00e9 comment ils s&rsquo;y prenaient pour lib\u00e9rer de la place dans leurs valises. Du coup on\u00a0est devenus adeptes de\u00a0Denver car pour nous c&rsquo;est 75% de places suppl\u00e9mentaires pour ramener des souvenirs \u00e0 ses proches ! 4 sacs con\u00e7u pour&#8230;<\/p>","protected":false},"featured_media":13655,"comment_status":"open","ping_status":"closed","template":"","meta":{"_kad_blocks_custom_css":"","_kad_blocks_head_custom_js":"","_kad_blocks_body_custom_js":"","_kad_blocks_footer_custom_js":"","_kad_post_transparent":"","_kad_post_title":"","_kad_post_layout":"","_kad_post_sidebar_id":"","_kad_post_content_style":"","_kad_post_vertical_padding":"","_kad_post_feature":"","_kad_post_feature_position":"","_kad_post_header":false,"_kad_post_footer":false,"_kad_post_classname":""},"product_brand":[385],"product_cat":[386],"product_tag":[],"class_list":{"0":"post-6287","1":"product","2":"type-product","3":"status-publish","4":"has-post-thumbnail","6":"product_brand-velartrip","7":"product_cat-accessoires-pratiques","9":"first","10":"instock","11":"taxable","12":"shipping-taxable","13":"purchasable","14":"product-type-simple","15":"entry","16":"content-bg","17":"loop-entry"},"taxonomy_info":{"product_brand":[{"value":385,"label":"VelarTrip"}],"product_cat":[{"value":386,"label":"Accessoires Pratiques"}]},"featured_image_src_large":["https:\/\/velartrip.com\/wp-content\/uploads\/2022\/05\/32968773581_images_6294a9af868d4_2.jpg",800,800,false],"author_info":[],"comment_info":6,"_links":{"self":[{"href":"https:\/\/velartrip.com\/it\/wp-json\/wp\/v2\/product\/6287","targetHints":{"allow":["GET"]}}],"collection":[{"href":"https:\/\/velartrip.com\/it\/wp-json\/wp\/v2\/product"}],"about":[{"href":"https:\/\/velartrip.com\/it\/wp-json\/wp\/v2\/types\/product"}],"replies":[{"embeddable":true,"href":"https:\/\/velartrip.com\/it\/wp-json\/wp\/v2\/comments?post=6287"}],"wp:featuredmedia":[{"embeddable":true,"href":"https:\/\/velartrip.com\/it\/wp-json\/wp\/v2\/media\/13655"}],"wp:attachment":[{"href":"https:\/\/velartrip.com\/it\/wp-json\/wp\/v2\/media?parent=6287"}],"wp:term":[{"taxonomy":"product_brand","embeddable":true,"href":"https:\/\/velartrip.com\/it\/wp-json\/wp\/v2\/product_brand?post=6287"},{"taxonomy":"product_cat","embeddable":true,"href":"https:\/\/velartrip.com\/it\/wp-json\/wp\/v2\/product_cat?post=6287"},{"taxonomy":"product_tag","embeddable":true,"href":"https:\/\/velartrip.com\/it\/wp-json\/wp\/v2\/product_tag?post=6287"}],"curies":[{"name":"wp","href":"https:\/\/api.w.org\/{rel}","templated":true}]}}

<h2>Durante il nostro viaggio ad Atene, abbiamo incontrato un gruppo di amici belgi che ci hanno mostrato come liberano spazio nelle loro valigie.</h2>
<h2>Quindi siamo diventati fan di Denver perché per noi è <strong>75% di posti supplementari</strong> per riportare alla memoria i vostri cari!</h2>
<ul>
<li>
<strong>4 sacchetti progettati</strong> per riporre tutti i tipi di abbigliamento</li>
</ul>
<ul>
<li>Aiuta ad evitare tutti gli imprevisti <em>(avete presente quella boccetta di struccante che si apre nella valigia durante il viaggio...)</em>
</li>
</ul>
<ul>
<li>
<strong>Non c&#039;è bisogno di un aspirapolvere</strong> per evacuare l&#039;aria dai sacchetti<strong> basta un semplice &quot;roll&quot;</strong> !</li>
</ul>
<ul>
<li>Le borse erano <strong>trattati</strong> contro <strong>stampo</strong>il<strong> insetti e batteri </strong>
</li>
</ul>
<ul>
<li><strong>CONSEGNA STANDARD GRATUITA</strong></li>
</ul>
<table width="100%">
<tbody>
<tr>
<td style="width: 31.9253%; text-align: center;">Dimensioni della borsa</td>
<td style="width: 28.0747%; text-align: center;">Lunghezza</td>
<td style="width: 33%; text-align: center;"> Larghezza</td>
</tr>
<tr>
<td style="width: 31.9253%; text-align: center;">XL</td>
<td style="width: 28.0747%; text-align: center;">70 cm</td>
<td style="width: 33%; text-align: center;">50 cm</td>
</tr>
<tr>
<td style="width: 31.9253%; text-align: center;">L</td>
<td style="width: 28.0747%; text-align: center;">60 cm</td>
<td style="width: 33%; text-align: center;">40 cm</td>
</tr>
<tr>
<td style="width: 31.9253%; text-align: center;">M</td>
<td style="width: 28.0747%; text-align: center;">50 cm</td>
<td style="width: 33%; text-align: center;">40 cm</td>
</tr>
<tr>
<td style="width: 31.9253%; text-align: center;">S</td>
<td style="width: 28.0747%; text-align: center;">50 cm</td>
<td style="width: 33%; text-align: center;">35 cm</td>
</tr>
</tbody>
</table>

<p>Quand on était en déplacement à Athènes, nous avons rencontré un groupe d&rsquo;amis belges qui nous a montré comment ils s&rsquo;y prenaient pour libérer de la place dans leurs valises. Du coup on est devenus adeptes de Denver car pour nous c&rsquo;est 75% de places supplémentaires pour ramener des souvenirs à ses proches ! 4 sacs conçu pour&#8230;</p>
