{"id":7074,"date":"2020-05-19T00:56:13","date_gmt":"2020-05-19T00:56:13","guid":{"rendered":"https:\/\/velartrip.com\/?product=housse-de-valise-br-personnalisable"},"modified":"2023-02-12T13:42:28","modified_gmt":"2023-02-12T12:42:28","slug":"housse-de-valise-personnalisable","status":"publish","type":"product","link":"https:\/\/velartrip.com\/it\/accessoires-pour-valise\/housse-de-valise\/housse-de-valise-personnalisable\/","title":{"rendered":"Coprivaligia personalizzabile"},"content":{"rendered":"<h2><b>Une housse de valise unique avec la photo de\u00a0votre choix ? On est heureux de\u00a0vous pr\u00e9senter notre service de personnalisation !<\/b><\/h2>\n<ul>\n<li><strong><span style=\"text-decoration: underline;\">S&rsquo;adapte \u00e0 99% des valises<\/span> <\/strong>\u00e0 2 ou 4 roues.<\/li>\n<li><strong>Deux ouvertures pr\u00e9vues<\/strong> pour la poign\u00e9e t\u00e9lescopique et\/o\u00f9 la poign\u00e9e simple.<\/li>\n<li>Plus de risques de se faire voler ses affaires, <strong>les fermetures \u00e9clairs sont\u00a0prot\u00e9g\u00e9es<\/strong>\u00a0par notre housse<\/li>\n<li>Finis les films en plastiques jetables aux prix exorbitants, nos housses sont rentabilis\u00e9es\u00a0d\u00e8s votre premier voyage.<\/li>\n<li><strong>Lavable \u00e0 30\u00b0C et r\u00e9utilisable<\/strong>, la plan\u00e8te se portera mieux !\u00a0\u267b\ufe0f<\/li>\n<\/ul>\n<div style=\"text-align: center;\"><span class=\"s1\">\u26a0\ufe0f<\/span>\u00a0Compatible avec les housses de valise dont <strong>la poign\u00e9e lat\u00e9rale se situe \u00e0 gauche et non \u00e0 droite<\/strong>. (visible sur la photo de la housse)<\/div>\n<div style=\"text-align: center;\"><\/div>\n<div style=\"text-align: center;\">\ud83d\udccf R\u00e9f\u00e9rez-vous au guide des tailles pour choisir au mieux votre\u00a0housse de valise en fonction de sa dimension \ud83d\udccf<\/div>\n<div style=\"text-align: center;\"><\/div>\n<div style=\"text-align: center;\"><em>\ud83d\udce9 Envoie-nous la photo que tu souhaites pour ta housse de valise \u00e0 l&rsquo;adresse suivante : <a href=\"https:\/\/mail.google.com\/mail\/u\/0\/?view=cm&amp;fs=1&amp;tf=1&amp;source=mailto&amp;to=support%40velartrip.com&amp;utm_campaign=Back%20To%20Work%20%28TxQPMP%29&amp;utm_medium=email&amp;utm_source=All%20contacts&amp;_ke=eyJrbF9lbWFpbCI6ICJ0aG9tYXNiZW5hdGlhQGdtYWlsLmNvbSIsICJrbF9jb21wYW55X2lkIjogIlVncHdENyJ9\">support@velartrip.com<\/a>. On s&rsquo;occupe du reste ! \ud83d\udce8<\/em><\/div>\n<p>[block id=\u00a0\u00bbhousse-de-valise-produit-description\u00a0\u00bb]<\/p>\n","protected":false},"excerpt":{"rendered":"<p>Una custodia per valigia unica con la foto che preferisci? Siamo lieti di presentarvi il nostro servizio di personalizzazione! Adatto alle valigie a 2 o 4 ruote 99%. Due aperture previste per il manico telescopico e\/o per il manico singolo. Non correrai pi\u00f9 il rischio che i tuoi effetti personali vengano rubati, le cerniere sono protette da...<\/p>","protected":false},"featured_media":12869,"comment_status":"open","ping_status":"closed","template":"","meta":{"_kad_blocks_custom_css":"","_kad_blocks_head_custom_js":"","_kad_blocks_body_custom_js":"","_kad_blocks_footer_custom_js":"","_kad_post_transparent":"","_kad_post_title":"","_kad_post_layout":"","_kad_post_sidebar_id":"","_kad_post_content_style":"","_kad_post_vertical_padding":"","_kad_post_feature":"","_kad_post_feature_position":"","_kad_post_header":false,"_kad_post_footer":false,"_kad_post_classname":""},"product_brand":[385],"product_cat":[392,618],"product_tag":[165,215],"class_list":{"0":"post-7074","1":"product","2":"type-product","3":"status-publish","4":"has-post-thumbnail","6":"product_brand-velartrip","7":"product_cat-housse-de-valise","8":"product_cat-accessoires-pour-valise","9":"product_tag-compatible-toutes-poignees","10":"product_tag-customisable","12":"first","13":"instock","14":"taxable","15":"shipping-taxable","16":"purchasable","17":"product-type-variable","18":"has-default-attributes","19":"entry","20":"content-bg","21":"loop-entry"},"taxonomy_info":{"product_brand":[{"value":385,"label":"VelarTrip"}],"product_cat":[{"value":392,"label":"Housses De Valise"},{"value":618,"label":"Accessoires pour Valise"}],"product_tag":[{"value":165,"label":"Compatible toutes poign\u00e9es"},{"value":215,"label":"Customisable"}]},"featured_image_src_large":["https:\/\/velartrip.com\/wp-content\/uploads\/2020\/05\/houssedevalisepersonnalisablevelartrip18909807116445_2nd.jpeg",800,800,false],"author_info":[],"comment_info":9,"_links":{"self":[{"href":"https:\/\/velartrip.com\/it\/wp-json\/wp\/v2\/product\/7074","targetHints":{"allow":["GET"]}}],"collection":[{"href":"https:\/\/velartrip.com\/it\/wp-json\/wp\/v2\/product"}],"about":[{"href":"https:\/\/velartrip.com\/it\/wp-json\/wp\/v2\/types\/product"}],"replies":[{"embeddable":true,"href":"https:\/\/velartrip.com\/it\/wp-json\/wp\/v2\/comments?post=7074"}],"wp:featuredmedia":[{"embeddable":true,"href":"https:\/\/velartrip.com\/it\/wp-json\/wp\/v2\/media\/12869"}],"wp:attachment":[{"href":"https:\/\/velartrip.com\/it\/wp-json\/wp\/v2\/media?parent=7074"}],"wp:term":[{"taxonomy":"product_brand","embeddable":true,"href":"https:\/\/velartrip.com\/it\/wp-json\/wp\/v2\/product_brand?post=7074"},{"taxonomy":"product_cat","embeddable":true,"href":"https:\/\/velartrip.com\/it\/wp-json\/wp\/v2\/product_cat?post=7074"},{"taxonomy":"product_tag","embeddable":true,"href":"https:\/\/velartrip.com\/it\/wp-json\/wp\/v2\/product_tag?post=7074"}],"curies":[{"name":"wp","href":"https:\/\/api.w.org\/{rel}","templated":true}]}}

<h2><b>Une housse de valise unique avec la photo de votre choix ? On est heureux de vous présenter notre service de personnalisation !</b></h2>
<ul>
<li><strong><span style="text-decoration: underline;">S&rsquo;adapte à 99% des valises</span> </strong>à 2 ou 4 roues.</li>
<li><strong>Deux ouvertures prévues</strong> pour la poignée télescopique et/où la poignée simple.</li>
<li>Plus de risques de se faire voler ses affaires, <strong>les fermetures éclairs sont protégées</strong> par notre housse</li>
<li>Finis les films en plastiques jetables aux prix exorbitants, nos housses sont rentabilisées dès votre premier voyage.</li>
<li><strong>Lavable à 30°C et réutilisable</strong>, la planète se portera mieux ! ♻️</li>
</ul>
<div style="text-align: center;"><span class="s1">⚠️</span> Compatible avec les housses de valise dont <strong>la poignée latérale se situe à gauche et non à droite</strong>. (visible sur la photo de la housse)</div>
<div style="text-align: center;"></div>
<div style="text-align: center;">📏 Référez-vous au guide des tailles pour choisir au mieux votre housse de valise en fonction de sa dimension 📏</div>
<div style="text-align: center;"></div>
<div style="text-align: center;"><em>📩 Envoie-nous la photo que tu souhaites pour ta housse de valise à l&rsquo;adresse suivante : <a href="https://mail.google.com/mail/u/0/?view=cm&amp;fs=1&amp;tf=1&amp;source=mailto&amp;to=support%40velartrip.com&amp;utm_campaign=Back%20To%20Work%20%28TxQPMP%29&amp;utm_medium=email&amp;utm_source=All%20contacts&amp;_ke=eyJrbF9lbWFpbCI6ICJ0aG9tYXNiZW5hdGlhQGdtYWlsLmNvbSIsICJrbF9jb21wYW55X2lkIjogIlVncHdENyJ9">support@velartrip.com</a>. On s&rsquo;occupe du reste ! 📨</em></div>
<p>[block id= »housse-de-valise-produit-description »]</p>

<p>Una custodia per valigia unica con la foto che preferisci? Siamo lieti di presentarvi il nostro servizio di personalizzazione! Adatto alle valigie a 2 o 4 ruote 99%. Due aperture previste per il manico telescopico e/o per il manico singolo. Non correrai più il rischio che i tuoi effetti personali vengano rubati, le cerniere sono protette da...</p>

Compatible toutes poignées
