{"id":7084,"date":"2020-05-19T02:23:58","date_gmt":"2020-05-19T02:23:58","guid":{"rendered":"https:\/\/velartrip.com\/?product=etiquette-bagage-br-customisable"},"modified":"2022-08-03T11:18:01","modified_gmt":"2022-08-03T09:18:01","slug":"etiquette-bagage-avion-customisable","status":"publish","type":"product","link":"https:\/\/velartrip.com\/it\/accessoires-pour-valise\/etiquettes-bagages\/etiquette-bagage-avion-customisable\/","title":{"rendered":"Etichetta per bagagli personalizzabile"},"content":{"rendered":"<h2>Una delle vostre foto + un'e-mail al nostro team e avrete la vostra nuova etichetta per bagagli completamente personalizzata.<\/h2>\n<ul>\n<li><strong>Identificare e trovare<\/strong>\u00a0il vostro bagaglio facilmente<\/li>\n<li><strong>Si attacca rapidamente<\/strong>\u00a0con facilit\u00e0.<\/li>\n<li>Progettato per\u00a0<strong>tutti i tipi di bagagli<\/strong>(mani, borsa da viaggio, valigia a mano, zaino, ecc.)<\/li>\n<li>Composizione: pelle sintetica<\/li>\n<li>Dimensioni :\u00a0<span data-mce-fragment=\"1\">10,5 cm x 6,5 cm<\/span><\/li>\n<\/ul>\n<p style=\"text-align: center;\"><span data-mce-fragment=\"1\"><br \/>\n<em>\ud83d\udce9 Inviateci la foto che desiderate per la vostra etichetta per bagagli al seguente indirizzo:\u00a0<a href=\"https:\/\/mail.google.com\/mail\/u\/0\/?view=cm&amp;fs=1&amp;tf=1&amp;source=mailto&amp;to=support%40velartrip.com&amp;utm_campaign=Back%20To%20Work%20%28TxQPMP%29&amp;utm_medium=email&amp;utm_source=All%20contacts&amp;_ke=eyJrbF9lbWFpbCI6ICJ0aG9tYXNiZW5hdGlhQGdtYWlsLmNvbSIsICJrbF9jb21wYW55X2lkIjogIlVncHdENyJ9\">support@velartrip.com<\/a>. Al resto pensiamo noi! \ud83d\udce8<\/em><\/span><\/p>\n<h3 style=\"text-align: center;\"><span style=\"color: #82d5c7;\">Perch\u00e9 etichettare le valigie?<\/span><\/h3>\n<p>Se desiderate :<\/p>\n<p>\u2705 Viaggiare in treno, nave o aereo.<\/p>\n<p>\u2705\u00a0<strong>Distinguere le valigie<\/strong>\u00a0altri viaggiatori sul nastro dei bagagli<\/p>\n<p>\u2705 <strong>Trovare la strada pi\u00f9 facilmente<\/strong>t una valigia smarrita (anche se non ve lo auguriamo!)<\/p>\n<p>\u2705 Essere <strong>in conformit\u00e0 con le normative<\/strong> aeroporto\u00a0<span data-mce-fragment=\"1\">internazionale<\/span><\/p>\n<p><span data-mce-fragment=\"1\">\u2705 <strong>Evitare la distruzione<\/strong> dalle autorit\u00e0 della vostra valigia incustodita.<\/span><\/p>\n<p><span data-mce-fragment=\"1\">In questo caso, \u00e8 necessaria un'etichetta per i bagagli.<\/span><\/p>\n<h3 style=\"text-align: center;\"><span style=\"color: #db7c46;\" data-mce-fragment=\"1\">Come scegliere l'etichetta del bagaglio?<\/span><\/h3>\n<p><span data-mce-fragment=\"1\">Questo \u00e8 senza dubbio l'accessorio da viaggio pi\u00f9 facile da scegliere, poich\u00e9 dipender\u00e0 da <strong>solo il vostro gusto per il design<\/strong> !<\/span><\/p>\n<p><span data-mce-fragment=\"1\">Per il resto, ogni etichetta ha pi\u00f9 o meno <strong>gli stessi campi da compilare<\/strong>in altre parole:<\/span><\/p>\n<ul>\n<li><span data-mce-fragment=\"1\">nome e cognome<\/span><\/li>\n<li><span data-mce-fragment=\"1\">indirizzo postale\u00a0<\/span><\/li>\n<li><span data-mce-fragment=\"1\">il numero di telefono\u00a0<\/span><\/li>\n<li><span data-mce-fragment=\"1\">indirizzo e-mail<\/span><\/li>\n<\/ul>","protected":false},"excerpt":{"rendered":"<p>Une de tes photos + un email \u00e0 notre \u00e9quipe et te voila avec ta nouvelle \u00e9tiquette de bagage enti\u00e8rement personnalis\u00e9. Identifiez et retrouvez\u00a0facilement\u00a0vos bagages S&rsquo;attache rapidement\u00a0et facilement. Con\u00e7u pour\u00a0tous types de bagages (mains, sac de voyage, valise cabine, sac \u00e0 dos&#8230;) Composition : cuir synth\u00e9tique Dimensions :\u00a010.5 cm x 6.5 cm \ud83d\udce9 Envoie-nous la&#8230;<\/p>","protected":false},"featured_media":12364,"comment_status":"open","ping_status":"closed","template":"","meta":{"_kad_blocks_custom_css":"","_kad_blocks_head_custom_js":"","_kad_blocks_body_custom_js":"","_kad_blocks_footer_custom_js":"","_kad_post_transparent":"","_kad_post_title":"","_kad_post_layout":"","_kad_post_sidebar_id":"","_kad_post_content_style":"","_kad_post_vertical_padding":"","_kad_post_feature":"","_kad_post_feature_position":"","_kad_post_header":false,"_kad_post_footer":false,"_kad_post_classname":""},"product_brand":[385],"product_cat":[397,618],"product_tag":[215],"class_list":{"0":"post-7084","1":"product","2":"type-product","3":"status-publish","4":"has-post-thumbnail","6":"product_brand-velartrip","7":"product_cat-etiquettes-bagages","8":"product_cat-accessoires-pour-valise","9":"product_tag-customisable","11":"first","12":"instock","13":"taxable","14":"shipping-taxable","15":"purchasable","16":"product-type-simple","17":"entry","18":"content-bg","19":"loop-entry"},"taxonomy_info":{"product_brand":[{"value":385,"label":"VelarTrip"}],"product_cat":[{"value":397,"label":"\u00c9tiquette Bagage"},{"value":618,"label":"Accessoires pour Valise"}],"product_tag":[{"value":215,"label":"Customisable"}]},"featured_image_src_large":["https:\/\/velartrip.com\/wp-content\/uploads\/2020\/05\/etiquettebagageavioncustomisablevelartrip18909609984157_2nd.jpeg",800,800,false],"author_info":[],"comment_info":5,"_links":{"self":[{"href":"https:\/\/velartrip.com\/it\/wp-json\/wp\/v2\/product\/7084","targetHints":{"allow":["GET"]}}],"collection":[{"href":"https:\/\/velartrip.com\/it\/wp-json\/wp\/v2\/product"}],"about":[{"href":"https:\/\/velartrip.com\/it\/wp-json\/wp\/v2\/types\/product"}],"replies":[{"embeddable":true,"href":"https:\/\/velartrip.com\/it\/wp-json\/wp\/v2\/comments?post=7084"}],"wp:featuredmedia":[{"embeddable":true,"href":"https:\/\/velartrip.com\/it\/wp-json\/wp\/v2\/media\/12364"}],"wp:attachment":[{"href":"https:\/\/velartrip.com\/it\/wp-json\/wp\/v2\/media?parent=7084"}],"wp:term":[{"taxonomy":"product_brand","embeddable":true,"href":"https:\/\/velartrip.com\/it\/wp-json\/wp\/v2\/product_brand?post=7084"},{"taxonomy":"product_cat","embeddable":true,"href":"https:\/\/velartrip.com\/it\/wp-json\/wp\/v2\/product_cat?post=7084"},{"taxonomy":"product_tag","embeddable":true,"href":"https:\/\/velartrip.com\/it\/wp-json\/wp\/v2\/product_tag?post=7084"}],"curies":[{"name":"wp","href":"https:\/\/api.w.org\/{rel}","templated":true}]}}

<h2>Una delle vostre foto + un'e-mail al nostro team e avrete la vostra nuova etichetta per bagagli completamente personalizzata.</h2>
<ul>
<li><strong>Identificare e trovare</strong> il vostro bagaglio facilmente</li>
<li><strong>Si attacca rapidamente</strong> con facilità.</li>
<li>Progettato per <strong>tutti i tipi di bagagli</strong>(mani, borsa da viaggio, valigia a mano, zaino, ecc.)</li>
<li>Composizione: pelle sintetica</li>
<li>Dimensioni : <span data-mce-fragment="1">10,5 cm x 6,5 cm</span></li>
</ul>
<p style="text-align: center;"><span data-mce-fragment="1"><br />
<em>📩 Inviateci la foto che desiderate per la vostra etichetta per bagagli al seguente indirizzo: <a href="https://mail.google.com/mail/u/0/?view=cm&amp;fs=1&amp;tf=1&amp;source=mailto&amp;to=support%40velartrip.com&amp;utm_campaign=Back%20To%20Work%20%28TxQPMP%29&amp;utm_medium=email&amp;utm_source=All%20contacts&amp;_ke=eyJrbF9lbWFpbCI6ICJ0aG9tYXNiZW5hdGlhQGdtYWlsLmNvbSIsICJrbF9jb21wYW55X2lkIjogIlVncHdENyJ9">support@velartrip.com</a>. Al resto pensiamo noi! 📨</em></span></p>
<h3 style="text-align: center;"><span style="color: #82d5c7;">Perché etichettare le valigie?</span></h3>
<p>Se desiderate :</p>
<p>✅ Viaggiare in treno, nave o aereo.</p>
<p>✅ <strong>Distinguere le valigie</strong> altri viaggiatori sul nastro dei bagagli</p>
<p>✅ <strong>Trovare la strada più facilmente</strong>t una valigia smarrita (anche se non ve lo auguriamo!)</p>
<p>✅ Essere <strong>in conformità con le normative</strong> aeroporto <span data-mce-fragment="1">internazionale</span></p>
<p><span data-mce-fragment="1">✅ <strong>Evitare la distruzione</strong> dalle autorità della vostra valigia incustodita.</span></p>
<p><span data-mce-fragment="1">In questo caso, è necessaria un'etichetta per i bagagli.</span></p>
<h3 style="text-align: center;"><span style="color: #db7c46;" data-mce-fragment="1">Come scegliere l'etichetta del bagaglio?</span></h3>
<p><span data-mce-fragment="1">Questo è senza dubbio l'accessorio da viaggio più facile da scegliere, poiché dipenderà da <strong>solo il vostro gusto per il design</strong> !</span></p>
<p><span data-mce-fragment="1">Per il resto, ogni etichetta ha più o meno <strong>gli stessi campi da compilare</strong>in altre parole:</span></p>
<ul>
<li><span data-mce-fragment="1">nome e cognome</span></li>
<li><span data-mce-fragment="1">indirizzo postale </span></li>
<li><span data-mce-fragment="1">il numero di telefono </span></li>
<li><span data-mce-fragment="1">indirizzo e-mail</span></li>
</ul>

<p>Une de tes photos + un email à notre équipe et te voila avec ta nouvelle étiquette de bagage entièrement personnalisé. Identifiez et retrouvez facilement vos bagages S&rsquo;attache rapidement et facilement. Conçu pour tous types de bagages (mains, sac de voyage, valise cabine, sac à dos&#8230;) Composition : cuir synthétique Dimensions : 10.5 cm x 6.5 cm 📩 Envoie-nous la&#8230;</p>

Étiquette Bagage
