{"id":7087,"date":"2020-05-20T14:05:35","date_gmt":"2020-05-20T14:05:35","guid":{"rendered":"https:\/\/velartrip.com\/?product=etiquette-bagage-br-globe"},"modified":"2022-11-01T10:06:54","modified_gmt":"2022-11-01T09:06:54","slug":"etiquette-bagage-globe","status":"publish","type":"product","link":"https:\/\/velartrip.com\/nl\/bagageaccessoires-2\/etiquettes-bagages\/etiquette-bagage-globe\/","title":{"rendered":"Globe bagagelabel"},"content":{"rendered":"<p>&nbsp;<\/p>\n<h2>Dit bagagelabel is de perfecte manier om je reizende kant te laten zien!<\/h2>\n<ul>\n<li><strong>Identificeren en vinden<\/strong>\u00a0je bagage gemakkelijk<\/li>\n<li><strong>Snel aan te sluiten<\/strong>\u00a0met gemak.<\/li>\n<li>Ontworpen voor\u00a0<strong>alle soorten bagage<\/strong>s (handen, reistas, handbagage, rugzak, enz.)<\/li>\n<li>Samenstelling: synthetisch leer<\/li>\n<\/ul>\n<h3 style=\"text-align: center;\"><span style=\"color: #82d5c7;\">Waarom je koffers labelen?<\/span><\/h3>\n<p>Als je :<\/p>\n<p>\u2705 Reizen per trein, boot of vliegtuig.<\/p>\n<p>\u2705\u00a0<strong>Koffers onderscheiden<\/strong>\u00a0andere reizigers op de bagageband<\/p>\n<p>\u2705 <strong>Vind gemakkelijker je weg<\/strong>t een verloren koffer (hoewel we het je niet zouden toewensen!)<\/p>\n<p>Zijn <strong>in overeenstemming met voorschriften<\/strong> luchthaven\u00a0<span data-mce-fragment=\"1\">internationaal<\/span><\/p>\n<p><span data-mce-fragment=\"1\">\u2705 <strong>Vernietiging vermijden<\/strong> door de autoriteiten van je onbeheerde koffer.<\/span><\/p>\n<p><span data-mce-fragment=\"1\">In dit geval heb je een bagagelabel nodig.<\/span><\/p>\n<h3 style=\"text-align: center;\"><span style=\"color: #db7c46;\" data-mce-fragment=\"1\">Hoe kies ik mijn bagagelabel?<\/span><\/h3>\n<p><span data-mce-fragment=\"1\">Dit is ongetwijfeld het gemakkelijkste reisaccessoire om te kiezen, omdat het afhangt van <strong>gewoon je smaak in design<\/strong> !<\/span><\/p>\n<p><span data-mce-fragment=\"1\">Voor de rest heeft elk label min of meer <strong>dezelfde velden in te vullen<\/strong>met andere woorden:<\/span><\/p>\n<ul>\n<li><span data-mce-fragment=\"1\">volledige naam<\/span><\/li>\n<li><span data-mce-fragment=\"1\">postadres\u00a0<\/span><\/li>\n<li><span data-mce-fragment=\"1\">het telefoonnummer\u00a0<\/span><\/li>\n<li><span data-mce-fragment=\"1\">e-mailadres<\/span><\/li>\n<\/ul>","protected":false},"excerpt":{"rendered":"<p>&nbsp; La meilleure fa\u00e7on d&rsquo;exprimer ton c\u00f4t\u00e9 voyageur gr\u00e2ce \u00e0 cette \u00e9tiquette de bagage ! Identifiez et retrouvez\u00a0facilement\u00a0vos bagages S&rsquo;attache rapidement\u00a0et facilement. Con\u00e7u pour\u00a0tous types de bagages (mains, sac de voyage, valise cabine, sac \u00e0 dos&#8230;) Composition : cuir synth\u00e9tique Pourquoi \u00e9tiqueter ses valises ? Si vous souhaitez : \u2705\u00a0Voyager en train, bateau ou avion&#8230;.<\/p>","protected":false},"featured_media":13320,"comment_status":"open","ping_status":"closed","template":"","meta":{"_kad_blocks_custom_css":"","_kad_blocks_head_custom_js":"","_kad_blocks_body_custom_js":"","_kad_blocks_footer_custom_js":"","_kad_post_transparent":"","_kad_post_title":"","_kad_post_layout":"","_kad_post_sidebar_id":"","_kad_post_content_style":"","_kad_post_vertical_padding":"","_kad_post_feature":"","_kad_post_feature_position":"","_kad_post_header":false,"_kad_post_footer":false,"_kad_post_classname":""},"product_brand":[385],"product_cat":[397,618],"product_tag":[216],"class_list":{"0":"post-7087","1":"product","2":"type-product","3":"status-publish","4":"has-post-thumbnail","6":"product_brand-velartrip","7":"product_cat-etiquettes-bagages","8":"product_cat-accessoires-pour-valise","9":"product_tag-carte","11":"first","12":"instock","13":"taxable","14":"shipping-taxable","15":"purchasable","16":"product-type-variable","17":"entry","18":"content-bg","19":"loop-entry"},"taxonomy_info":{"product_brand":[{"value":385,"label":"VelarTrip"}],"product_cat":[{"value":397,"label":"\u00c9tiquette Bagage"},{"value":618,"label":"Accessoires pour Valise"}],"product_tag":[{"value":216,"label":"Carte"}]},"featured_image_src_large":["https:\/\/velartrip.com\/wp-content\/uploads\/2022\/05\/77.jpg",800,800,false],"author_info":[],"comment_info":5,"_links":{"self":[{"href":"https:\/\/velartrip.com\/nl\/wp-json\/wp\/v2\/product\/7087","targetHints":{"allow":["GET"]}}],"collection":[{"href":"https:\/\/velartrip.com\/nl\/wp-json\/wp\/v2\/product"}],"about":[{"href":"https:\/\/velartrip.com\/nl\/wp-json\/wp\/v2\/types\/product"}],"replies":[{"embeddable":true,"href":"https:\/\/velartrip.com\/nl\/wp-json\/wp\/v2\/comments?post=7087"}],"wp:featuredmedia":[{"embeddable":true,"href":"https:\/\/velartrip.com\/nl\/wp-json\/wp\/v2\/media\/13320"}],"wp:attachment":[{"href":"https:\/\/velartrip.com\/nl\/wp-json\/wp\/v2\/media?parent=7087"}],"wp:term":[{"taxonomy":"product_brand","embeddable":true,"href":"https:\/\/velartrip.com\/nl\/wp-json\/wp\/v2\/product_brand?post=7087"},{"taxonomy":"product_cat","embeddable":true,"href":"https:\/\/velartrip.com\/nl\/wp-json\/wp\/v2\/product_cat?post=7087"},{"taxonomy":"product_tag","embeddable":true,"href":"https:\/\/velartrip.com\/nl\/wp-json\/wp\/v2\/product_tag?post=7087"}],"curies":[{"name":"wp","href":"https:\/\/api.w.org\/{rel}","templated":true}]}}

<p>&nbsp; La meilleure façon d&rsquo;exprimer ton côté voyageur grâce à cette étiquette de bagage ! Identifiez et retrouvez facilement vos bagages S&rsquo;attache rapidement et facilement. Conçu pour tous types de bagages (mains, sac de voyage, valise cabine, sac à dos&#8230;) Composition : cuir synthétique Pourquoi étiqueter ses valises ? Si vous souhaitez : ✅ Voyager en train, bateau ou avion&#8230;.</p>

Étiquette Bagage
