{"id":6416,"date":"2020-04-17T18:37:27","date_gmt":"2020-04-17T18:37:27","guid":{"rendered":"https:\/\/velartrip.com\/?product=etiquette-bagage-br-summer"},"modified":"2025-06-29T11:05:47","modified_gmt":"2025-06-29T09:05:47","slug":"etiquette-bagage-avion-summer","status":"publish","type":"product","link":"https:\/\/velartrip.com\/pt\/accessoires-pour-valise\/etiquettes-bagages\/etiquette-bagage-avion-summer\/","title":{"rendered":"Etiqueta de bagagem de ver\u00e3o"},"content":{"rendered":"<h2>As nossas etiquetas de ver\u00e3o 100% t\u00eam um design simples e fresco para todas as suas bagagens.<\/h2>\n<ul>\n<li><strong>Identificar e encontrar<\/strong>\u00a0a sua bagagem facilmente<\/li>\n<li><strong>Fixa-se rapidamente<\/strong>\u00a0com facilidade.<\/li>\n<li>Concebido para\u00a0<strong>todos os tipos de bagagem<\/strong>s (m\u00e3os, saco de viagem, mala de m\u00e3o, mochila, etc.)<\/li>\n<li>Composi\u00e7\u00e3o: couro sint\u00e9tico<\/li>\n<\/ul>\n<h3 style=\"text-align: center\"><span style=\"color: #82d5c7\">Porqu\u00ea etiquetar as suas malas?<\/span><\/h3>\n<p>Se quiseres : \u2705 Viajar de comboio, barco ou avi\u00e3o. \u2705\u00a0<strong>Distinguir as suas malas<\/strong>\u00a0outros passageiros no carrossel de bagagens \u2705 <strong>Encontre o seu caminho mais facilmente<\/strong>t uma mala perdida (embora n\u00e3o o desej\u00e1ssemos a si!) \u2705 Ser <strong>em conformidade com a regulamenta\u00e7\u00e3o<\/strong> aeroporto\u00a0<span data-mce-fragment=\"1\">internacional<\/span> <span data-mce-fragment=\"1\">\u2705 <strong>Evitar a destrui\u00e7\u00e3o<\/strong> pelas autoridades da sua mala sem vigil\u00e2ncia.<\/span> <span data-mce-fragment=\"1\">Neste caso, \u00e9 necess\u00e1ria uma etiqueta de bagagem.<\/span><\/p>\n<h3 style=\"text-align: center\"><span style=\"color: #db7c46\" data-mce-fragment=\"1\">Como \u00e9 que escolho a etiqueta da minha bagagem?<\/span><\/h3>\n<p><span data-mce-fragment=\"1\">Este \u00e9, sem d\u00favida, o acess\u00f3rio de viagem mais f\u00e1cil de escolher, uma vez que depender\u00e1 <strong>apenas o seu gosto pelo design<\/strong> !<\/span> <span data-mce-fragment=\"1\">Quanto ao resto, cada r\u00f3tulo tem mais ou menos <strong>os mesmos campos a preencher<\/strong>por outras palavras:<\/span><\/p>\n<ul>\n<li><span data-mce-fragment=\"1\">nome completo<\/span><\/li>\n<li><span data-mce-fragment=\"1\">endere\u00e7o postal\u00a0<\/span><\/li>\n<li><span data-mce-fragment=\"1\">o n\u00famero de telefone\u00a0<\/span><\/li>\n<li><span data-mce-fragment=\"1\">endere\u00e7o eletr\u00f3nico<\/span><\/li>\n<\/ul>","protected":false},"excerpt":{"rendered":"<p>Nos \u00e9tiquettes 100% summer avec un design simple et chill con\u00e7u pour tous tes bagages. Identifiez et retrouvez\u00a0facilement\u00a0vos bagages S&rsquo;attache rapidement\u00a0et facilement. Con\u00e7u pour\u00a0tous types de bagages (mains, sac de voyage, valise cabine, sac \u00e0 dos&#8230;) Composition : cuir synth\u00e9tique Pourquoi \u00e9tiqueter ses valises ? Si vous souhaitez : \u2705\u00a0Voyager en train, bateau ou avion&#8230;.<\/p>","protected":false},"featured_media":13572,"comment_status":"open","ping_status":"closed","template":"","meta":{"_kad_blocks_custom_css":"","_kad_blocks_head_custom_js":"","_kad_blocks_body_custom_js":"","_kad_blocks_footer_custom_js":"","_kad_post_transparent":"default","_kad_post_title":"","_kad_post_layout":"default","_kad_post_sidebar_id":"","_kad_post_content_style":"default","_kad_post_vertical_padding":"default","_kad_post_feature":"","_kad_post_feature_position":"","_kad_post_header":false,"_kad_post_footer":false,"_kad_post_classname":""},"product_brand":[385],"product_cat":[618,397],"product_tag":[153],"class_list":{"0":"post-6416","1":"product","2":"type-product","3":"status-publish","4":"has-post-thumbnail","6":"product_brand-velartrip","7":"product_cat-accessoires-pour-valise","8":"product_cat-etiquettes-bagages","9":"product_tag-phrase","11":"first","12":"outofstock","13":"taxable","14":"shipping-taxable","15":"purchasable","16":"product-type-variable","17":"entry","18":"content-bg","19":"loop-entry"},"taxonomy_info":{"product_brand":[{"value":385,"label":"VelarTrip"}],"product_cat":[{"value":618,"label":"Accessoires pour Valise"},{"value":397,"label":"\u00c9tiquette Bagage"}],"product_tag":[{"value":153,"label":"Phrase"}]},"featured_image_src_large":["https:\/\/velartrip.com\/wp-content\/uploads\/2022\/05\/114.jpg",800,800,false],"author_info":[],"comment_info":5,"_links":{"self":[{"href":"https:\/\/velartrip.com\/pt\/wp-json\/wp\/v2\/product\/6416","targetHints":{"allow":["GET"]}}],"collection":[{"href":"https:\/\/velartrip.com\/pt\/wp-json\/wp\/v2\/product"}],"about":[{"href":"https:\/\/velartrip.com\/pt\/wp-json\/wp\/v2\/types\/product"}],"replies":[{"embeddable":true,"href":"https:\/\/velartrip.com\/pt\/wp-json\/wp\/v2\/comments?post=6416"}],"wp:featuredmedia":[{"embeddable":true,"href":"https:\/\/velartrip.com\/pt\/wp-json\/wp\/v2\/media\/13572"}],"wp:attachment":[{"href":"https:\/\/velartrip.com\/pt\/wp-json\/wp\/v2\/media?parent=6416"}],"wp:term":[{"taxonomy":"product_brand","embeddable":true,"href":"https:\/\/velartrip.com\/pt\/wp-json\/wp\/v2\/product_brand?post=6416"},{"taxonomy":"product_cat","embeddable":true,"href":"https:\/\/velartrip.com\/pt\/wp-json\/wp\/v2\/product_cat?post=6416"},{"taxonomy":"product_tag","embeddable":true,"href":"https:\/\/velartrip.com\/pt\/wp-json\/wp\/v2\/product_tag?post=6416"}],"curies":[{"name":"wp","href":"https:\/\/api.w.org\/{rel}","templated":true}]}}

Etiqueta de bagagem de verão

<h2>As nossas etiquetas de verão 100% têm um design simples e fresco para todas as suas bagagens.</h2>
<ul>
<li><strong>Identificar e encontrar</strong> a sua bagagem facilmente</li>
<li><strong>Fixa-se rapidamente</strong> com facilidade.</li>
<li>Concebido para <strong>todos os tipos de bagagem</strong>s (mãos, saco de viagem, mala de mão, mochila, etc.)</li>
<li>Composição: couro sintético</li>
</ul>
<h3 style="text-align: center"><span style="color: #82d5c7">Porquê etiquetar as suas malas?</span></h3>
<p>Se quiseres : ✅ Viajar de comboio, barco ou avião. ✅ <strong>Distinguir as suas malas</strong> outros passageiros no carrossel de bagagens ✅ <strong>Encontre o seu caminho mais facilmente</strong>t uma mala perdida (embora não o desejássemos a si!) ✅ Ser <strong>em conformidade com a regulamentação</strong> aeroporto <span data-mce-fragment="1">internacional</span> <span data-mce-fragment="1">✅ <strong>Evitar a destruição</strong> pelas autoridades da sua mala sem vigilância.</span> <span data-mce-fragment="1">Neste caso, é necessária uma etiqueta de bagagem.</span></p>
<h3 style="text-align: center"><span style="color: #db7c46" data-mce-fragment="1">Como é que escolho a etiqueta da minha bagagem?</span></h3>
<p><span data-mce-fragment="1">Este é, sem dúvida, o acessório de viagem mais fácil de escolher, uma vez que dependerá <strong>apenas o seu gosto pelo design</strong> !</span> <span data-mce-fragment="1">Quanto ao resto, cada rótulo tem mais ou menos <strong>os mesmos campos a preencher</strong>por outras palavras:</span></p>
<ul>
<li><span data-mce-fragment="1">nome completo</span></li>
<li><span data-mce-fragment="1">endereço postal </span></li>
<li><span data-mce-fragment="1">o número de telefone </span></li>
<li><span data-mce-fragment="1">endereço eletrónico</span></li>
</ul>

<p>Nos étiquettes 100% summer avec un design simple et chill conçu pour tous tes bagages. Identifiez et retrouvez facilement vos bagages S&rsquo;attache rapidement et facilement. Conçu pour tous types de bagages (mains, sac de voyage, valise cabine, sac à dos&#8230;) Composition : cuir synthétique Pourquoi étiqueter ses valises ? Si vous souhaitez : ✅ Voyager en train, bateau ou avion&#8230;.</p>

Étiquette Bagage
