{"id":6652,"date":"2020-04-20T12:48:29","date_gmt":"2020-04-20T12:48:29","guid":{"rendered":"https:\/\/velartrip.com\/?product=housse-de-valise-br-foret-tropicale-bleu"},"modified":"2023-02-12T13:42:30","modified_gmt":"2023-02-12T12:42:30","slug":"housse-valise-valise-foret-tropicale","status":"publish","type":"product","link":"https:\/\/velartrip.com\/pt\/accessoires-pour-valise\/housse-de-valise\/housse-valise-valise-foret-tropicale\/","title":{"rendered":"Capa para bagagem Tropical Forest Azul"},"content":{"rendered":"<h2>Tu es plut\u00f4t aventure que farniente ? Cette housse de valise est faite pour toi ! Pour tous les passionn\u00e9s de trek en for\u00eat !<\/h2>\n<ul>\n<li><strong>Housse en polyester<\/strong><strong>\u00a0<\/strong>qui<strong>\u00a0<\/strong>procure une grande \u00e9lasticit\u00e9.<\/li>\n<li>S&rsquo;adapte parfaitement \u00e0<strong>\u00a0<\/strong><strong>tous types de bagages<\/strong>\u00a0(cabine ou grande valise).<\/li>\n<li><strong>Deux ouvertures pr\u00e9vues\u00a0<\/strong>pour la poign\u00e9e t\u00e9lescopique et\/ou la poign\u00e9e simple.<\/li>\n<li>Les\u00a0<strong>fermetures \u00e9clairs<\/strong>\u00a0sont\u00a0\u00e9galement<strong>\u00a0prot\u00e9g\u00e9es<\/strong>\u00a0par la housse.<\/li>\n<li>Ta valise\u00a0<strong>restera ferm\u00e9e<\/strong>\u00a0et en\u00a0<strong>s\u00e9curit\u00e9<\/strong>\u00a0au d\u00e9part comme \u00e0 l&rsquo;arriv\u00e9e.<\/li>\n<li>Tu\u00a0<strong>\u00e9conomiseras<\/strong>\u00a0beaucoup d&rsquo;argent en\u00a0<strong>\u00e9vitant<\/strong>\u00a0de\u00a0<strong>payer les films<\/strong>\u00a0de protection \u00e0\u00a0<strong>usage unique<\/strong>\u00a0dans les a\u00e9roports !<\/li>\n<li>La plan\u00e8te se portera mieux avec nos<strong>\u00a0housses r\u00e9utilisables<\/strong>\u00a0! \u267b\ufe0f<\/li>\n<\/ul>\n<div style=\"text-align: center;\"><em>\ud83d\udccf R\u00e9f\u00e8re-toi au guide des tailles pour choisir au mieux\u00a0ta housse de\u00a0valise\u00a0en fonction de sa\u00a0dimension \ud83d\udccf<\/em><\/div>\n<p style=\"text-align: center;\">\u00a0\u26a0\ufe0f Compatible avec les housses de valise dont la poign\u00e9e lat\u00e9rale se situe \u00e0 gauche et non \u00e0 droite.<\/p>\n<p>[block id=\u00a0\u00bbhousse-de-valise-produit-description\u00a0\u00bb]<\/p>\n","protected":false},"excerpt":{"rendered":"<p>Voc\u00ea \u00e9 mais um aventureiro do que uma pessoa pregui\u00e7osa? Esta capa de mala foi feita para voc\u00ea! Para todos os entusiastas de caminhadas na floresta! Capa de poli\u00e9ster que proporciona grande elasticidade. Adapta-se perfeitamente a todos os tipos de bagagem (cabine ou mala grande). Duas aberturas previstas para a al\u00e7a telesc\u00f3pica e\/ou a al\u00e7a \u00fanica. Os z\u00edperes tamb\u00e9m s\u00e3o protegidos pela capa. Seu\u2026<\/p>","protected":false},"featured_media":12444,"comment_status":"open","ping_status":"closed","template":"","meta":{"_kad_blocks_custom_css":"","_kad_blocks_head_custom_js":"","_kad_blocks_body_custom_js":"","_kad_blocks_footer_custom_js":"","_kad_post_transparent":"","_kad_post_title":"","_kad_post_layout":"","_kad_post_sidebar_id":"","_kad_post_content_style":"","_kad_post_vertical_padding":"","_kad_post_feature":"","_kad_post_feature_position":"","_kad_post_header":false,"_kad_post_footer":false,"_kad_post_classname":""},"product_brand":[385],"product_cat":[392,618],"product_tag":[179],"class_list":{"0":"post-6652","1":"product","2":"type-product","3":"status-publish","4":"has-post-thumbnail","6":"product_brand-velartrip","7":"product_cat-housse-de-valise","8":"product_cat-accessoires-pour-valise","9":"product_tag-tropical","11":"first","12":"instock","13":"taxable","14":"shipping-taxable","15":"purchasable","16":"product-type-variable","17":"entry","18":"content-bg","19":"loop-entry"},"taxonomy_info":{"product_brand":[{"value":385,"label":"VelarTrip"}],"product_cat":[{"value":392,"label":"Housses De Valise"},{"value":618,"label":"Accessoires pour Valise"}],"product_tag":[{"value":179,"label":"Tropical"}]},"featured_image_src_large":["https:\/\/velartrip.com\/wp-content\/uploads\/2022\/04\/housse-de-valise-fore\u0302t-tropicale.jpg",800,800,false],"author_info":[],"comment_info":0,"_links":{"self":[{"href":"https:\/\/velartrip.com\/pt\/wp-json\/wp\/v2\/product\/6652","targetHints":{"allow":["GET"]}}],"collection":[{"href":"https:\/\/velartrip.com\/pt\/wp-json\/wp\/v2\/product"}],"about":[{"href":"https:\/\/velartrip.com\/pt\/wp-json\/wp\/v2\/types\/product"}],"replies":[{"embeddable":true,"href":"https:\/\/velartrip.com\/pt\/wp-json\/wp\/v2\/comments?post=6652"}],"wp:featuredmedia":[{"embeddable":true,"href":"https:\/\/velartrip.com\/pt\/wp-json\/wp\/v2\/media\/12444"}],"wp:attachment":[{"href":"https:\/\/velartrip.com\/pt\/wp-json\/wp\/v2\/media?parent=6652"}],"wp:term":[{"taxonomy":"product_brand","embeddable":true,"href":"https:\/\/velartrip.com\/pt\/wp-json\/wp\/v2\/product_brand?post=6652"},{"taxonomy":"product_cat","embeddable":true,"href":"https:\/\/velartrip.com\/pt\/wp-json\/wp\/v2\/product_cat?post=6652"},{"taxonomy":"product_tag","embeddable":true,"href":"https:\/\/velartrip.com\/pt\/wp-json\/wp\/v2\/product_tag?post=6652"}],"curies":[{"name":"wp","href":"https:\/\/api.w.org\/{rel}","templated":true}]}}

<h2>Tu es plutôt aventure que farniente ? Cette housse de valise est faite pour toi ! Pour tous les passionnés de trek en forêt !</h2>
<ul>
<li><strong>Housse en polyester</strong><strong> </strong>qui<strong> </strong>procure une grande élasticité.</li>
<li>S&rsquo;adapte parfaitement à<strong> </strong><strong>tous types de bagages</strong> (cabine ou grande valise).</li>
<li><strong>Deux ouvertures prévues </strong>pour la poignée télescopique et/ou la poignée simple.</li>
<li>Les <strong>fermetures éclairs</strong> sont également<strong> protégées</strong> par la housse.</li>
<li>Ta valise <strong>restera fermée</strong> et en <strong>sécurité</strong> au départ comme à l&rsquo;arrivée.</li>
<li>Tu <strong>économiseras</strong> beaucoup d&rsquo;argent en <strong>évitant</strong> de <strong>payer les films</strong> de protection à <strong>usage unique</strong> dans les aéroports !</li>
<li>La planète se portera mieux avec nos<strong> housses réutilisables</strong> ! ♻️</li>
</ul>
<div style="text-align: center;"><em>📏 Réfère-toi au guide des tailles pour choisir au mieux ta housse de valise en fonction de sa dimension 📏</em></div>
<p style="text-align: center;"> ⚠️ Compatible avec les housses de valise dont la poignée latérale se situe à gauche et non à droite.</p>
<p>[block id= »housse-de-valise-produit-description »]</p>

<p>Você é mais um aventureiro do que uma pessoa preguiçosa? Esta capa de mala foi feita para você! Para todos os entusiastas de caminhadas na floresta! Capa de poliéster que proporciona grande elasticidade. Adapta-se perfeitamente a todos os tipos de bagagem (cabine ou mala grande). Duas aberturas previstas para a alça telescópica e/ou a alça única. Os zíperes também são protegidos pela capa. Seu…</p>
