{"id":6872,"date":"2020-04-23T13:34:45","date_gmt":"2020-04-23T13:34:45","guid":{"rendered":"https:\/\/velartrip.com\/?product=sac-de-voyage-br-portland"},"modified":"2022-05-05T13:10:19","modified_gmt":"2022-05-05T11:10:19","slug":"sac-de-voyage-grand-format","status":"publish","type":"product","link":"https:\/\/velartrip.com\/pt\/accessoires-pratiques\/sac-de-voyage-grand-format\/","title":{"rendered":"Mala de viagem Portland"},"content":{"rendered":"<h2>Nossa mala de viagem para Portland \u00e9 perfeita para estadias de at\u00e9 uma semana! Seu grande formato lhe confere versatilidade nos quatro cantos do globo.<\/h2>\n<ul>\n<li>Concebido em <strong>lona e couro refor\u00e7ado<\/strong> !\u00a0<\/li>\n<\/ul>\n<ul>\n<li>A <strong>extens\u00e3o<\/strong> 2 fechos de correr em cada lado do saco.\u00a0<\/li>\n<\/ul>\n<ul>\n<li>\n<strong>4 patins<\/strong> debaixo do saco.<\/li>\n<\/ul>\n<ul>\n<li>\n<strong>ENTREGA STANDARD GRATUITA\u00a0<\/strong>\n<\/li>\n<\/ul>\n<p><span style=\"text-decoration: underline;\"><em>Dimens\u00f5es :<\/em><\/span><\/p>\n<ul>\n<li>25 cm de largura<\/li>\n<li>53 cm de comprimento <em>(extens\u00edvel at\u00e9 58 cm)<\/em>\n<\/li>\n<li>30 cm de altura<\/li>\n<\/ul>\n<p>\u00a0<\/p>","protected":false},"excerpt":{"rendered":"<p>Nossa mala de viagem para Portland \u00e9 perfeita para estadias de at\u00e9 uma semana! Seu grande formato lhe confere versatilidade nos quatro cantos do globo. Feito de lona e couro refor\u00e7ado! Uma poss\u00edvel extens\u00e3o da bolsa gra\u00e7as aos 2 z\u00edperes de cada lado. 4 almofadas de prote\u00e7\u00e3o sob\u2026<\/p>","protected":false},"featured_media":13454,"comment_status":"open","ping_status":"closed","template":"","meta":{"_kad_blocks_custom_css":"","_kad_blocks_head_custom_js":"","_kad_blocks_body_custom_js":"","_kad_blocks_footer_custom_js":"","_kad_post_transparent":"","_kad_post_title":"","_kad_post_layout":"","_kad_post_sidebar_id":"","_kad_post_content_style":"","_kad_post_vertical_padding":"","_kad_post_feature":"","_kad_post_feature_position":"","_kad_post_header":false,"_kad_post_footer":false,"_kad_post_classname":""},"product_brand":[385],"product_cat":[386],"product_tag":[96,152],"class_list":{"0":"post-6872","1":"product","2":"type-product","3":"status-publish","4":"has-post-thumbnail","6":"product_brand-velartrip","7":"product_cat-accessoires-pratiques","8":"product_tag-nomade","9":"product_tag-explore","11":"first","12":"instock","13":"taxable","14":"shipping-taxable","15":"purchasable","16":"product-type-variable","17":"entry","18":"content-bg","19":"loop-entry"},"taxonomy_info":{"product_brand":[{"value":385,"label":"VelarTrip"}],"product_cat":[{"value":386,"label":"Accessoires Pratiques"}],"product_tag":[{"value":96,"label":" Nomade"},{"value":152,"label":"Explore"}]},"featured_image_src_large":["https:\/\/velartrip.com\/wp-content\/uploads\/2022\/05\/20.jpg",800,800,false],"author_info":[],"comment_info":6,"_links":{"self":[{"href":"https:\/\/velartrip.com\/pt\/wp-json\/wp\/v2\/product\/6872","targetHints":{"allow":["GET"]}}],"collection":[{"href":"https:\/\/velartrip.com\/pt\/wp-json\/wp\/v2\/product"}],"about":[{"href":"https:\/\/velartrip.com\/pt\/wp-json\/wp\/v2\/types\/product"}],"replies":[{"embeddable":true,"href":"https:\/\/velartrip.com\/pt\/wp-json\/wp\/v2\/comments?post=6872"}],"wp:featuredmedia":[{"embeddable":true,"href":"https:\/\/velartrip.com\/pt\/wp-json\/wp\/v2\/media\/13454"}],"wp:attachment":[{"href":"https:\/\/velartrip.com\/pt\/wp-json\/wp\/v2\/media?parent=6872"}],"wp:term":[{"taxonomy":"product_brand","embeddable":true,"href":"https:\/\/velartrip.com\/pt\/wp-json\/wp\/v2\/product_brand?post=6872"},{"taxonomy":"product_cat","embeddable":true,"href":"https:\/\/velartrip.com\/pt\/wp-json\/wp\/v2\/product_cat?post=6872"},{"taxonomy":"product_tag","embeddable":true,"href":"https:\/\/velartrip.com\/pt\/wp-json\/wp\/v2\/product_tag?post=6872"}],"curies":[{"name":"wp","href":"https:\/\/api.w.org\/{rel}","templated":true}]}}

<h2>Nossa mala de viagem para Portland é perfeita para estadias de até uma semana! Seu grande formato lhe confere versatilidade nos quatro cantos do globo.</h2>
<ul>
<li>Concebido em <strong>lona e couro reforçado</strong> ! </li>
</ul>
<ul>
<li>A <strong>extensão</strong> 2 fechos de correr em cada lado do saco. </li>
</ul>
<ul>
<li>
<strong>4 patins</strong> debaixo do saco.</li>
</ul>
<ul>
<li>
<strong>ENTREGA STANDARD GRATUITA </strong>
</li>
</ul>
<p><span style="text-decoration: underline;"><em>Dimensões :</em></span></p>
<ul>
<li>25 cm de largura</li>
<li>53 cm de comprimento <em>(extensível até 58 cm)</em>
</li>
<li>30 cm de altura</li>
</ul>
<p> </p>

<p>Nossa mala de viagem para Portland é perfeita para estadias de até uma semana! Seu grande formato lhe confere versatilidade nos quatro cantos do globo. Feito de lona e couro reforçado! Uma possível extensão da bolsa graças aos 2 zíperes de cada lado. 4 almofadas de proteção sob…</p>
