{"id":8351,"date":"2021-02-11T00:04:39","date_gmt":"2021-02-11T00:04:39","guid":{"rendered":"https:\/\/velartrip.com\/?product=etiquette-bagage-br-0-ennuis"},"modified":"2024-12-04T09:29:26","modified_gmt":"2024-12-04T08:29:26","slug":"etiquette-bagage-0-ennuis","status":"publish","type":"product","link":"https:\/\/velartrip.com\/pt\/accessoires-pour-valise\/etiquettes-bagages\/etiquette-bagage-0-ennuis\/","title":{"rendered":"0 Etiquetas de bagagem"},"content":{"rendered":"<h1>Chega de roubar suas malas com nossa etiqueta de bagagem! (Experimente, \u00e9 um impedimento \ud83d\ude09)<\/h1>\n<ul>\n<li><strong>Identificar e encontrar<\/strong>\u00a0a sua bagagem facilmente<\/li>\n<li><strong>Fixa-se rapidamente<\/strong>\u00a0com facilidade.<\/li>\n<li>Concebido para\u00a0<strong>todos os tipos de bagagem<\/strong>s (m\u00e3os, saco de viagem, mala de m\u00e3o, mochila, etc.)<\/li>\n<li>Composi\u00e7\u00e3o: couro sint\u00e9tico<\/li>\n<li>Dimens\u00f5es :\u00a0<span data-mce-fragment=\"1\">10,5 cm x 6,5 cm<\/span><\/li>\n<\/ul>\n<h3 style=\"text-align: center\"><span style=\"color: #82d5c7\">Porqu\u00ea etiquetar as suas malas?<\/span><\/h3>\n<p>Se desejar :<\/p>\n<p>Viajar de comboio, barco ou avi\u00e3o.<\/p>\n<p>\u2705\u00a0<strong>Distinguir as suas malas<\/strong>\u00a0outros viajantes no carrossel de bagagens<\/p>\n<p>\u2705 <strong>Encontre o seu caminho mais facilmente<\/strong>t uma mala perdida (embora n\u00e3o o desejemos a si!)<\/p>\n<p>\u2705 Ser <strong>em conformidade com a regulamenta\u00e7\u00e3o<\/strong> aeroporto\u00a0<span data-mce-fragment=\"1\">internacional<\/span><\/p>\n<p><span data-mce-fragment=\"1\">\u2705 <strong>Evitar a destrui\u00e7\u00e3o<\/strong> pelas autoridades da sua mala sem vigil\u00e2ncia.<\/span><\/p>\n<p><span data-mce-fragment=\"1\">Neste caso, \u00e9 necess\u00e1ria uma etiqueta de bagagem.<\/span><\/p>\n<h3 style=\"text-align: center\"><span style=\"color: #db7c46\" data-mce-fragment=\"1\">Como \u00e9 que escolho a etiqueta da minha bagagem?<\/span><\/h3>\n<p><span data-mce-fragment=\"1\">Este \u00e9, sem d\u00favida, o acess\u00f3rio de viagem mais f\u00e1cil de escolher, uma vez que depender\u00e1 <strong>apenas o seu gosto pelo design<\/strong> !<\/span><\/p>\n<p><span data-mce-fragment=\"1\">Quanto ao resto, cada r\u00f3tulo tem mais ou menos <strong>os mesmos campos a preencher<\/strong>por outras palavras:<\/span><\/p>\n<ul>\n<li><span data-mce-fragment=\"1\">nome completo<\/span><\/li>\n<li><span data-mce-fragment=\"1\">endere\u00e7o postal\u00a0<\/span><\/li>\n<li><span data-mce-fragment=\"1\">o n\u00famero de telefone\u00a0<\/span><\/li>\n<li><span data-mce-fragment=\"1\">endere\u00e7o eletr\u00f3nico<\/span><\/li>\n<\/ul>","protected":false},"excerpt":{"rendered":"<p>Chega de roubar suas malas com nossa etiqueta de bagagem! (Experimente, \u00e9 um impedimento \ud83d\ude09) Identifique e encontre facilmente sua bagagem Fixa-se de forma r\u00e1pida e f\u00e1cil. Projetado para todos os tipos de bagagem (bagagem de m\u00e3o, mala de viagem, mala de cabine, mochila, etc.) Composi\u00e7\u00e3o: couro sint\u00e9tico Dimens\u00f5es: 10,5 cm x 6,5 cm Por que etiquetar suas malas? Se voc\u00ea\u2026<\/p>","protected":false},"featured_media":13054,"comment_status":"open","ping_status":"closed","template":"","meta":{"_kad_blocks_custom_css":"","_kad_blocks_head_custom_js":"","_kad_blocks_body_custom_js":"","_kad_blocks_footer_custom_js":"","_kad_post_transparent":"","_kad_post_title":"","_kad_post_layout":"","_kad_post_sidebar_id":"","_kad_post_content_style":"","_kad_post_vertical_padding":"","_kad_post_feature":"","_kad_post_feature_position":"","_kad_post_header":false,"_kad_post_footer":false,"_kad_post_classname":""},"product_brand":[385],"product_cat":[618,397],"product_tag":[],"class_list":{"0":"post-8351","1":"product","2":"type-product","3":"status-publish","4":"has-post-thumbnail","6":"product_brand-velartrip","7":"product_cat-accessoires-pour-valise","8":"product_cat-etiquettes-bagages","10":"first","11":"instock","12":"taxable","13":"shipping-taxable","14":"purchasable","15":"product-type-simple","16":"entry","17":"content-bg","18":"loop-entry"},"taxonomy_info":{"product_brand":[{"value":385,"label":"VelarTrip"}],"product_cat":[{"value":618,"label":"Accessoires pour Valise"},{"value":397,"label":"\u00c9tiquette Bagage"}]},"featured_image_src_large":["https:\/\/velartrip.com\/wp-content\/uploads\/2022\/04\/Sans-titre-26.jpg",800,800,false],"author_info":[],"comment_info":5,"_links":{"self":[{"href":"https:\/\/velartrip.com\/pt\/wp-json\/wp\/v2\/product\/8351","targetHints":{"allow":["GET"]}}],"collection":[{"href":"https:\/\/velartrip.com\/pt\/wp-json\/wp\/v2\/product"}],"about":[{"href":"https:\/\/velartrip.com\/pt\/wp-json\/wp\/v2\/types\/product"}],"replies":[{"embeddable":true,"href":"https:\/\/velartrip.com\/pt\/wp-json\/wp\/v2\/comments?post=8351"}],"wp:featuredmedia":[{"embeddable":true,"href":"https:\/\/velartrip.com\/pt\/wp-json\/wp\/v2\/media\/13054"}],"wp:attachment":[{"href":"https:\/\/velartrip.com\/pt\/wp-json\/wp\/v2\/media?parent=8351"}],"wp:term":[{"taxonomy":"product_brand","embeddable":true,"href":"https:\/\/velartrip.com\/pt\/wp-json\/wp\/v2\/product_brand?post=8351"},{"taxonomy":"product_cat","embeddable":true,"href":"https:\/\/velartrip.com\/pt\/wp-json\/wp\/v2\/product_cat?post=8351"},{"taxonomy":"product_tag","embeddable":true,"href":"https:\/\/velartrip.com\/pt\/wp-json\/wp\/v2\/product_tag?post=8351"}],"curies":[{"name":"wp","href":"https:\/\/api.w.org\/{rel}","templated":true}]}}

<h1>Chega de roubar suas malas com nossa etiqueta de bagagem! (Experimente, é um impedimento 😉)</h1>
<ul>
<li><strong>Identificar e encontrar</strong> a sua bagagem facilmente</li>
<li><strong>Fixa-se rapidamente</strong> com facilidade.</li>
<li>Concebido para <strong>todos os tipos de bagagem</strong>s (mãos, saco de viagem, mala de mão, mochila, etc.)</li>
<li>Composição: couro sintético</li>
<li>Dimensões : <span data-mce-fragment="1">10,5 cm x 6,5 cm</span></li>
</ul>
<h3 style="text-align: center"><span style="color: #82d5c7">Porquê etiquetar as suas malas?</span></h3>
<p>Se desejar :</p>
<p>Viajar de comboio, barco ou avião.</p>
<p>✅ <strong>Distinguir as suas malas</strong> outros viajantes no carrossel de bagagens</p>
<p>✅ <strong>Encontre o seu caminho mais facilmente</strong>t uma mala perdida (embora não o desejemos a si!)</p>
<p>✅ Ser <strong>em conformidade com a regulamentação</strong> aeroporto <span data-mce-fragment="1">internacional</span></p>
<p><span data-mce-fragment="1">✅ <strong>Evitar a destruição</strong> pelas autoridades da sua mala sem vigilância.</span></p>
<p><span data-mce-fragment="1">Neste caso, é necessária uma etiqueta de bagagem.</span></p>
<h3 style="text-align: center"><span style="color: #db7c46" data-mce-fragment="1">Como é que escolho a etiqueta da minha bagagem?</span></h3>
<p><span data-mce-fragment="1">Este é, sem dúvida, o acessório de viagem mais fácil de escolher, uma vez que dependerá <strong>apenas o seu gosto pelo design</strong> !</span></p>
<p><span data-mce-fragment="1">Quanto ao resto, cada rótulo tem mais ou menos <strong>os mesmos campos a preencher</strong>por outras palavras:</span></p>
<ul>
<li><span data-mce-fragment="1">nome completo</span></li>
<li><span data-mce-fragment="1">endereço postal </span></li>
<li><span data-mce-fragment="1">o número de telefone </span></li>
<li><span data-mce-fragment="1">endereço eletrónico</span></li>
</ul>

<p>Chega de roubar suas malas com nossa etiqueta de bagagem! (Experimente, é um impedimento 😉) Identifique e encontre facilmente sua bagagem Fixa-se de forma rápida e fácil. Projetado para todos os tipos de bagagem (bagagem de mão, mala de viagem, mala de cabine, mochila, etc.) Composição: couro sintético Dimensões: 10,5 cm x 6,5 cm Por que etiquetar suas malas? Se você…</p>

Étiquette Bagage
